{"id":34520,"date":"2026-04-08T09:19:02","date_gmt":"2026-04-08T07:19:02","guid":{"rendered":"https:\/\/flexfurn.com\/?page_id=34520"},"modified":"2026-04-08T10:23:08","modified_gmt":"2026-04-08T08:23:08","slug":"terrassenbroschure-2","status":"publish","type":"page","link":"https:\/\/flexfurn.com\/de\/terrassenbroschure-2\/","title":{"rendered":"Brosch\u00fcre zur Terrasse"},"content":{"rendered":"<div id=\"fws_69f1ebcd28a01\"  data-column-margin=\"default\" data-midnight=\"dark\"  class=\"wpb_row vc_row-fluid vc_row full-width-content vc_row-o-full-height vc_row-o-columns-middle vc_row-o-equal-height vc_row-flex vc_row-o-content-top\"  style=\"padding-top: 0px; padding-bottom: 0px; \"><div class=\"row-bg-wrap\" data-bg-animation=\"none\" data-bg-animation-delay=\"\" data-bg-overlay=\"false\"><div class=\"inner-wrap row-bg-layer\" ><div class=\"row-bg viewport-desktop using-bg-color\"  style=\"background-color: #777777; \"><\/div><\/div><\/div><div class=\"row_col_wrap_12 col span_12 dark left\">\n\t<div  class=\"vc_col-sm-12 wpb_column column_container vc_column_container col no-extra-padding inherit_tablet inherit_phone\"  data-padding-pos=\"all\" data-has-bg-color=\"false\" data-bg-color=\"\" data-bg-opacity=\"1\" data-animation=\"\" data-delay=\"0\" >\n\t\t<div class=\"vc_column-inner\" >\n\t\t\t<div class=\"wpb_wrapper\">\n\t\t\t\t\n<div class=\"wpb_text_column wpb_content_element\" >\n\t<div class=\"wpb_wrapper\">\n\t\t<div class=\"_df_book df-lite\" id=\"df_34998\"  _slug=\"terrasbrochure-nc\" data-title=\"terrasbrochure-nc\" wpoptions=\"true\" thumbtype=\"\" ><\/div><script class=\"df-shortcode-script\" nowprocket type=\"application\/javascript\">window.option_df_34998 = {\"outline\":[],\"autoEnableOutline\":\"false\",\"autoEnableThumbnail\":\"false\",\"overwritePDFOutline\":\"false\",\"direction\":\"1\",\"pageSize\":\"0\",\"source\":\"https:\\\/\\\/flexfurn.com\\\/wp-content\\\/uploads\\\/2026\\\/04\\\/Terrasfolder-2026-NL_NC.pdf\",\"wpOptions\":\"true\"}; if(window.DFLIP && window.DFLIP.parseBooks){window.DFLIP.parseBooks();}<\/script>\n<p>\u00a0<\/p>\n\t<\/div>\n<\/div>\n\n\n\n\n\t\t\t<\/div> \n\t\t<\/div>\n\t<\/div> \n<\/div><\/div><!-- \/wp:post-content -->","protected":false},"excerpt":{"rendered":"\u00a0","protected":false},"author":2,"featured_media":35020,"parent":0,"menu_order":0,"comment_status":"closed","ping_status":"closed","template":"template-no-header-footer.php","meta":{"footnotes":""},"class_list":["post-34520","page","type-page","status-publish","has-post-thumbnail"],"yoast_head":"<!-- This site is optimized with the Yoast SEO plugin v26.6 - https:\/\/yoast.com\/wordpress\/plugins\/seo\/ -->\n<title>Terrasbrochure - Flexfurn<\/title>\n<meta name=\"description\" content=\"Uw buitenruimte, met het comfort van een binnen interieur. Een goed terras is een verlengde van je zaak, een plek waar gasten niet alleen iets komen drinken of eten, maar waar ze willen blijven.\" \/>\n<meta name=\"robots\" content=\"index, follow, max-snippet:-1, max-image-preview:large, max-video-preview:-1\" \/>\n<link rel=\"canonical\" href=\"https:\/\/flexfurn.com\/de\/terrassenbroschure-2\/\" \/>\n<meta property=\"og:locale\" content=\"de_DE\" \/>\n<meta property=\"og:type\" content=\"article\" \/>\n<meta property=\"og:title\" content=\"Terrasbrochure - Flexfurn\" \/>\n<meta property=\"og:description\" content=\"Uw buitenruimte, met het comfort van een binnen interieur. Een goed terras is een verlengde van je zaak, een plek waar gasten niet alleen iets komen drinken of eten, maar waar ze willen blijven.\" \/>\n<meta property=\"og:url\" content=\"https:\/\/flexfurn.com\/de\/terrassenbroschure-2\/\" \/>\n<meta property=\"og:site_name\" content=\"Flexfurn\" \/>\n<meta property=\"article:modified_time\" content=\"2026-04-08T08:23:08+00:00\" \/>\n<meta property=\"og:image\" content=\"https:\/\/flexfurn.com\/wp-content\/uploads\/2026\/04\/Terrassettig-1024x1024.png\" \/>\n\t<meta property=\"og:image:width\" content=\"1024\" \/>\n\t<meta property=\"og:image:height\" content=\"1024\" \/>\n\t<meta property=\"og:image:type\" content=\"image\/png\" \/>\n<meta name=\"twitter:card\" content=\"summary_large_image\" \/>\n<meta name=\"twitter:label1\" content=\"Gesch\u00e4tzte Lesezeit\" \/>\n\t<meta name=\"twitter:data1\" content=\"1\u00a0Minute\" \/>\n<script type=\"application\/ld+json\" class=\"yoast-schema-graph\">{\"@context\":\"https:\/\/schema.org\",\"@graph\":[{\"@type\":\"WebPage\",\"@id\":\"https:\/\/flexfurn.com\/terrasbrochure\/\",\"url\":\"https:\/\/flexfurn.com\/terrasbrochure\/\",\"name\":\"Terrasbrochure - Flexfurn\",\"isPartOf\":{\"@id\":\"https:\/\/flexfurn.com\/#website\"},\"primaryImageOfPage\":{\"@id\":\"https:\/\/flexfurn.com\/terrasbrochure\/#primaryimage\"},\"image\":{\"@id\":\"https:\/\/flexfurn.com\/terrasbrochure\/#primaryimage\"},\"thumbnailUrl\":\"https:\/\/flexfurn.com\/wp-content\/uploads\/2026\/04\/Terrassettig.png\",\"datePublished\":\"2026-04-08T07:19:02+00:00\",\"dateModified\":\"2026-04-08T08:23:08+00:00\",\"description\":\"Uw buitenruimte, met het comfort van een binnen interieur. Een goed terras is een verlengde van je zaak, een plek waar gasten niet alleen iets komen drinken of eten, maar waar ze willen blijven.\",\"breadcrumb\":{\"@id\":\"https:\/\/flexfurn.com\/terrasbrochure\/#breadcrumb\"},\"inLanguage\":\"de\",\"potentialAction\":[{\"@type\":\"ReadAction\",\"target\":[\"https:\/\/flexfurn.com\/terrasbrochure\/\"]}]},{\"@type\":\"ImageObject\",\"inLanguage\":\"de\",\"@id\":\"https:\/\/flexfurn.com\/terrasbrochure\/#primaryimage\",\"url\":\"https:\/\/flexfurn.com\/wp-content\/uploads\/2026\/04\/Terrassettig.png\",\"contentUrl\":\"https:\/\/flexfurn.com\/wp-content\/uploads\/2026\/04\/Terrassettig.png\",\"width\":2400,\"height\":2400,\"caption\":\"Een gezellige terras setting met de Linea dinner collectie van Flexfurn. Tafels met tafelblad diameter van 180 en 80 cm in roest decor waarrond de comfortabele zwarte Wave en groene Strato stapelstoelen geplaatste staan.\"},{\"@type\":\"BreadcrumbList\",\"@id\":\"https:\/\/flexfurn.com\/terrasbrochure\/#breadcrumb\",\"itemListElement\":[{\"@type\":\"ListItem\",\"position\":1,\"name\":\"Home\",\"item\":\"https:\/\/flexfurn.com\/\"},{\"@type\":\"ListItem\",\"position\":2,\"name\":\"Terrasbrochure\"}]},{\"@type\":\"WebSite\",\"@id\":\"https:\/\/flexfurn.com\/#website\",\"url\":\"https:\/\/flexfurn.com\/\",\"name\":\"Flexfurn\",\"description\":\"\",\"publisher\":{\"@id\":\"https:\/\/flexfurn.com\/#organization\"},\"potentialAction\":[{\"@type\":\"SearchAction\",\"target\":{\"@type\":\"EntryPoint\",\"urlTemplate\":\"https:\/\/flexfurn.com\/?s={search_term_string}\"},\"query-input\":{\"@type\":\"PropertyValueSpecification\",\"valueRequired\":true,\"valueName\":\"search_term_string\"}}],\"inLanguage\":\"de\"},{\"@type\":\"Organization\",\"@id\":\"https:\/\/flexfurn.com\/#organization\",\"name\":\"Flexfurn\",\"url\":\"https:\/\/flexfurn.com\/\",\"logo\":{\"@type\":\"ImageObject\",\"inLanguage\":\"de\",\"@id\":\"https:\/\/flexfurn.com\/#\/schema\/logo\/image\/\",\"url\":\"https:\/\/flexfurn.com\/wp-content\/uploads\/2023\/08\/LogoBlack.svg\",\"contentUrl\":\"https:\/\/flexfurn.com\/wp-content\/uploads\/2023\/08\/LogoBlack.svg\",\"width\":210,\"height\":60,\"caption\":\"Flexfurn\"},\"image\":{\"@id\":\"https:\/\/flexfurn.com\/#\/schema\/logo\/image\/\"}}]}<\/script>\n<!-- \/ Yoast SEO plugin. -->","yoast_head_json":{"title":"Terrassenbrosch\u00fcre \u2013 Flexfurn","description":"Ihr Au\u00dfenbereich, kombiniert mit dem Komfort eines Innenraums. Eine gut gestaltete Terrasse ist eine Erweiterung Ihres Gesch\u00e4fts, ein Ort, an dem G\u00e4ste nicht nur etwas trinken oder essen gehen, sondern verweilen m\u00f6chten.","robots":{"index":"index","follow":"follow","max-snippet":"max-snippet:-1","max-image-preview":"max-image-preview:large","max-video-preview":"max-video-preview:-1"},"canonical":"https:\/\/flexfurn.com\/de\/terrassenbroschure-2\/","og_locale":"de_DE","og_type":"article","og_title":"Terrasbrochure - Flexfurn","og_description":"Uw buitenruimte, met het comfort van een binnen interieur. Een goed terras is een verlengde van je zaak, een plek waar gasten niet alleen iets komen drinken of eten, maar waar ze willen blijven.","og_url":"https:\/\/flexfurn.com\/de\/terrassenbroschure-2\/","og_site_name":"Flexfurn","article_modified_time":"2026-04-08T08:23:08+00:00","og_image":[{"width":1024,"height":1024,"url":"https:\/\/flexfurn.com\/wp-content\/uploads\/2026\/04\/Terrassettig-1024x1024.png","type":"image\/png"}],"twitter_card":"summary_large_image","twitter_misc":{"Gesch\u00e4tzte Lesezeit":"1\u00a0Minute"},"schema":{"@context":"https:\/\/schema.org","@graph":[{"@type":"WebPage","@id":"https:\/\/flexfurn.com\/terrasbrochure\/","url":"https:\/\/flexfurn.com\/terrasbrochure\/","name":"Terrassenbrosch\u00fcre \u2013 Flexfurn","isPartOf":{"@id":"https:\/\/flexfurn.com\/#website"},"primaryImageOfPage":{"@id":"https:\/\/flexfurn.com\/terrasbrochure\/#primaryimage"},"image":{"@id":"https:\/\/flexfurn.com\/terrasbrochure\/#primaryimage"},"thumbnailUrl":"https:\/\/flexfurn.com\/wp-content\/uploads\/2026\/04\/Terrassettig.png","datePublished":"2026-04-08T07:19:02+00:00","dateModified":"2026-04-08T08:23:08+00:00","description":"Ihr Au\u00dfenbereich, kombiniert mit dem Komfort eines Innenraums. Eine gut gestaltete Terrasse ist eine Erweiterung Ihres Gesch\u00e4fts, ein Ort, an dem G\u00e4ste nicht nur etwas trinken oder essen gehen, sondern verweilen m\u00f6chten.","breadcrumb":{"@id":"https:\/\/flexfurn.com\/terrasbrochure\/#breadcrumb"},"inLanguage":"de","potentialAction":[{"@type":"ReadAction","target":["https:\/\/flexfurn.com\/terrasbrochure\/"]}]},{"@type":"ImageObject","inLanguage":"de","@id":"https:\/\/flexfurn.com\/terrasbrochure\/#primaryimage","url":"https:\/\/flexfurn.com\/wp-content\/uploads\/2026\/04\/Terrassettig.png","contentUrl":"https:\/\/flexfurn.com\/wp-content\/uploads\/2026\/04\/Terrassettig.png","width":2400,"height":2400,"caption":"Een gezellige terras setting met de Linea dinner collectie van Flexfurn. Tafels met tafelblad diameter van 180 en 80 cm in roest decor waarrond de comfortabele zwarte Wave en groene Strato stapelstoelen geplaatste staan."},{"@type":"BreadcrumbList","@id":"https:\/\/flexfurn.com\/terrasbrochure\/#breadcrumb","itemListElement":[{"@type":"ListItem","position":1,"name":"Home","item":"https:\/\/flexfurn.com\/"},{"@type":"ListItem","position":2,"name":"Terrasbrochure"}]},{"@type":"WebSite","@id":"https:\/\/flexfurn.com\/#website","url":"https:\/\/flexfurn.com\/","name":"Flexfurn","description":"","publisher":{"@id":"https:\/\/flexfurn.com\/#organization"},"potentialAction":[{"@type":"SearchAction","target":{"@type":"EntryPoint","urlTemplate":"https:\/\/flexfurn.com\/?s={search_term_string}"},"query-input":{"@type":"PropertyValueSpecification","valueRequired":true,"valueName":"search_term_string"}}],"inLanguage":"de"},{"@type":"Organization","@id":"https:\/\/flexfurn.com\/#organization","name":"Flexfurn","url":"https:\/\/flexfurn.com\/","logo":{"@type":"ImageObject","inLanguage":"de","@id":"https:\/\/flexfurn.com\/#\/schema\/logo\/image\/","url":"https:\/\/flexfurn.com\/wp-content\/uploads\/2023\/08\/LogoBlack.svg","contentUrl":"https:\/\/flexfurn.com\/wp-content\/uploads\/2023\/08\/LogoBlack.svg","width":210,"height":60,"caption":"Flexfurn"},"image":{"@id":"https:\/\/flexfurn.com\/#\/schema\/logo\/image\/"}}]}},"_links":{"self":[{"href":"https:\/\/flexfurn.com\/de\/wp-json\/wp\/v2\/pages\/34520","targetHints":{"allow":["GET"]}}],"collection":[{"href":"https:\/\/flexfurn.com\/de\/wp-json\/wp\/v2\/pages"}],"about":[{"href":"https:\/\/flexfurn.com\/de\/wp-json\/wp\/v2\/types\/page"}],"author":[{"embeddable":true,"href":"https:\/\/flexfurn.com\/de\/wp-json\/wp\/v2\/users\/2"}],"replies":[{"embeddable":true,"href":"https:\/\/flexfurn.com\/de\/wp-json\/wp\/v2\/comments?post=34520"}],"version-history":[{"count":6,"href":"https:\/\/flexfurn.com\/de\/wp-json\/wp\/v2\/pages\/34520\/revisions"}],"predecessor-version":[{"id":35030,"href":"https:\/\/flexfurn.com\/de\/wp-json\/wp\/v2\/pages\/34520\/revisions\/35030"}],"wp:featuredmedia":[{"embeddable":true,"href":"https:\/\/flexfurn.com\/de\/wp-json\/wp\/v2\/media\/35020"}],"wp:attachment":[{"href":"https:\/\/flexfurn.com\/de\/wp-json\/wp\/v2\/media?parent=34520"}],"curies":[{"name":"wp","href":"https:\/\/api.w.org\/{rel}","templated":true}]}}

Broschüre zur Terrasse

<!-- This site is optimized with the Yoast SEO plugin v26.6 - https://yoast.com/wordpress/plugins/seo/ -->
<title>Terrasbrochure - Flexfurn</title>
<meta name="description" content="Uw buitenruimte, met het comfort van een binnen interieur. Een goed terras is een verlengde van je zaak, een plek waar gasten niet alleen iets komen drinken of eten, maar waar ze willen blijven." />
<meta name="robots" content="index, follow, max-snippet:-1, max-image-preview:large, max-video-preview:-1" />
<link rel="canonical" href="https://flexfurn.com/de/terrassenbroschure-2/" />
<meta property="og:locale" content="de_DE" />
<meta property="og:type" content="article" />
<meta property="og:title" content="Terrasbrochure - Flexfurn" />
<meta property="og:description" content="Uw buitenruimte, met het comfort van een binnen interieur. Een goed terras is een verlengde van je zaak, een plek waar gasten niet alleen iets komen drinken of eten, maar waar ze willen blijven." />
<meta property="og:url" content="https://flexfurn.com/de/terrassenbroschure-2/" />
<meta property="og:site_name" content="Flexfurn" />
<meta property="article:modified_time" content="2026-04-08T08:23:08+00:00" />
<meta property="og:image" content="https://flexfurn.com/wp-content/uploads/2026/04/Terrassettig-1024x1024.png" />
	<meta property="og:image:width" content="1024" />
	<meta property="og:image:height" content="1024" />
	<meta property="og:image:type" content="image/png" />
<meta name="twitter:card" content="summary_large_image" />
<meta name="twitter:label1" content="Geschätzte Lesezeit" />
	<meta name="twitter:data1" content="1 Minute" />
<script type="application/ld+json" class="yoast-schema-graph">{"@context":"https://schema.org","@graph":[{"@type":"WebPage","@id":"https://flexfurn.com/terrasbrochure/","url":"https://flexfurn.com/terrasbrochure/","name":"Terrasbrochure - Flexfurn","isPartOf":{"@id":"https://flexfurn.com/#website"},"primaryImageOfPage":{"@id":"https://flexfurn.com/terrasbrochure/#primaryimage"},"image":{"@id":"https://flexfurn.com/terrasbrochure/#primaryimage"},"thumbnailUrl":"https://flexfurn.com/wp-content/uploads/2026/04/Terrassettig.png","datePublished":"2026-04-08T07:19:02+00:00","dateModified":"2026-04-08T08:23:08+00:00","description":"Uw buitenruimte, met het comfort van een binnen interieur. Een goed terras is een verlengde van je zaak, een plek waar gasten niet alleen iets komen drinken of eten, maar waar ze willen blijven.","breadcrumb":{"@id":"https://flexfurn.com/terrasbrochure/#breadcrumb"},"inLanguage":"de","potentialAction":[{"@type":"ReadAction","target":["https://flexfurn.com/terrasbrochure/"]}]},{"@type":"ImageObject","inLanguage":"de","@id":"https://flexfurn.com/terrasbrochure/#primaryimage","url":"https://flexfurn.com/wp-content/uploads/2026/04/Terrassettig.png","contentUrl":"https://flexfurn.com/wp-content/uploads/2026/04/Terrassettig.png","width":2400,"height":2400,"caption":"Een gezellige terras setting met de Linea dinner collectie van Flexfurn. Tafels met tafelblad diameter van 180 en 80 cm in roest decor waarrond de comfortabele zwarte Wave en groene Strato stapelstoelen geplaatste staan."},{"@type":"BreadcrumbList","@id":"https://flexfurn.com/terrasbrochure/#breadcrumb","itemListElement":[{"@type":"ListItem","position":1,"name":"Home","item":"https://flexfurn.com/"},{"@type":"ListItem","position":2,"name":"Terrasbrochure"}]},{"@type":"WebSite","@id":"https://flexfurn.com/#website","url":"https://flexfurn.com/","name":"Flexfurn","description":"","publisher":{"@id":"https://flexfurn.com/#organization"},"potentialAction":[{"@type":"SearchAction","target":{"@type":"EntryPoint","urlTemplate":"https://flexfurn.com/?s={search_term_string}"},"query-input":{"@type":"PropertyValueSpecification","valueRequired":true,"valueName":"search_term_string"}}],"inLanguage":"de"},{"@type":"Organization","@id":"https://flexfurn.com/#organization","name":"Flexfurn","url":"https://flexfurn.com/","logo":{"@type":"ImageObject","inLanguage":"de","@id":"https://flexfurn.com/#/schema/logo/image/","url":"https://flexfurn.com/wp-content/uploads/2023/08/LogoBlack.svg","contentUrl":"https://flexfurn.com/wp-content/uploads/2023/08/LogoBlack.svg","width":210,"height":60,"caption":"Flexfurn"},"image":{"@id":"https://flexfurn.com/#/schema/logo/image/"}}]}</script>
<!-- / Yoast SEO plugin. -->

Terrassenbroschüre – Flexfurn

Ihr Außenbereich, kombiniert mit dem Komfort eines Innenraums. Eine gut gestaltete Terrasse ist eine Erweiterung Ihres Geschäfts, ein Ort, an dem Gäste nicht nur etwas trinken oder essen gehen, sondern verweilen möchten.
