{"id":34547,"date":"2026-04-08T09:19:31","date_gmt":"2026-04-08T07:19:31","guid":{"rendered":"https:\/\/flexfurn.com\/?page_id=34547"},"modified":"2026-04-08T10:24:19","modified_gmt":"2026-04-08T08:24:19","slug":"broschure-die-terrasse","status":"publish","type":"page","link":"https:\/\/flexfurn.com\/de\/broschure-die-terrasse\/","title":{"rendered":"Brosch\u00fcre zur Terrasse"},"content":{"rendered":"<div id=\"fws_69f19da053ab8\"  data-column-margin=\"default\" data-midnight=\"dark\"  class=\"wpb_row vc_row-fluid vc_row full-width-content vc_row-o-full-height vc_row-o-columns-middle vc_row-o-equal-height vc_row-flex vc_row-o-content-top\"  style=\"padding-top: 0px; padding-bottom: 0px; \"><div class=\"row-bg-wrap\" data-bg-animation=\"none\" data-bg-animation-delay=\"\" data-bg-overlay=\"false\"><div class=\"inner-wrap row-bg-layer\" ><div class=\"row-bg viewport-desktop using-bg-color\"  style=\"background-color: #777777; \"><\/div><\/div><\/div><div class=\"row_col_wrap_12 col span_12 dark left\">\n\t<div  class=\"vc_col-sm-12 wpb_column column_container vc_column_container col no-extra-padding inherit_tablet inherit_phone\"  data-padding-pos=\"all\" data-has-bg-color=\"false\" data-bg-color=\"\" data-bg-opacity=\"1\" data-animation=\"\" data-delay=\"0\" >\n\t\t<div class=\"vc_column-inner\" >\n\t\t\t<div class=\"wpb_wrapper\">\n\t\t\t\t\n<div class=\"wpb_text_column wpb_content_element\" >\n\t<div class=\"wpb_wrapper\">\n\t\t<div class=\"_df_book df-lite\" id=\"df_35004\"  _slug=\"brochure-de-terrasse-nc\" data-title=\"brochure-de-terrasse-nc\" wpoptions=\"true\" thumbtype=\"\" ><\/div><script class=\"df-shortcode-script\" nowprocket type=\"application\/javascript\">window.option_df_35004 = {\"outline\":[],\"autoEnableOutline\":\"false\",\"autoEnableThumbnail\":\"false\",\"overwritePDFOutline\":\"false\",\"direction\":\"1\",\"pageSize\":\"0\",\"source\":\"https:\\\/\\\/flexfurn.com\\\/wp-content\\\/uploads\\\/2026\\\/04\\\/Brochure-de-terrasse-2026-FR_NC.pdf\",\"wpOptions\":\"true\"}; if(window.DFLIP && window.DFLIP.parseBooks){window.DFLIP.parseBooks();}<\/script>\n\t<\/div>\n<\/div>\n\n\n\n\n\t\t\t<\/div> \n\t\t<\/div>\n\t<\/div> \n<\/div><\/div><!-- \/wp:post-content -->","protected":false},"excerpt":{"rendered":"","protected":false},"author":2,"featured_media":35020,"parent":0,"menu_order":0,"comment_status":"closed","ping_status":"closed","template":"template-no-header-footer.php","meta":{"footnotes":""},"class_list":["post-34547","page","type-page","status-publish","has-post-thumbnail"],"yoast_head":"<!-- This site is optimized with the Yoast SEO plugin v26.6 - https:\/\/yoast.com\/wordpress\/plugins\/seo\/ -->\n<title>Brochure de terrasse - Flexfurn<\/title>\n<meta name=\"description\" content=\"Votre espace ext\u00e9rieur, avec le confort d\u2019un int\u00e9rieur. Une terrasse r\u00e9ussie est le prolongement de votre \u00e9tablissement, un lieu o\u00f9 les clients ne viennent pas seulement boire ou manger, mais o\u00f9 ils souhaitent rester.\" \/>\n<meta name=\"robots\" content=\"index, follow, max-snippet:-1, max-image-preview:large, max-video-preview:-1\" \/>\n<link rel=\"canonical\" href=\"https:\/\/flexfurn.com\/de\/broschure-die-terrasse\/\" \/>\n<meta property=\"og:locale\" content=\"de_DE\" \/>\n<meta property=\"og:type\" content=\"article\" \/>\n<meta property=\"og:title\" content=\"Brochure de terrasse - Flexfurn\" \/>\n<meta property=\"og:description\" content=\"Votre espace ext\u00e9rieur, avec le confort d\u2019un int\u00e9rieur. Une terrasse r\u00e9ussie est le prolongement de votre \u00e9tablissement, un lieu o\u00f9 les clients ne viennent pas seulement boire ou manger, mais o\u00f9 ils souhaitent rester.\" \/>\n<meta property=\"og:url\" content=\"https:\/\/flexfurn.com\/de\/broschure-die-terrasse\/\" \/>\n<meta property=\"og:site_name\" content=\"Flexfurn\" \/>\n<meta property=\"article:modified_time\" content=\"2026-04-08T08:24:19+00:00\" \/>\n<meta property=\"og:image\" content=\"https:\/\/flexfurn.com\/wp-content\/uploads\/2026\/04\/Terrassettig-1024x1024.png\" \/>\n\t<meta property=\"og:image:width\" content=\"1024\" \/>\n\t<meta property=\"og:image:height\" content=\"1024\" \/>\n\t<meta property=\"og:image:type\" content=\"image\/png\" \/>\n<meta name=\"twitter:card\" content=\"summary_large_image\" \/>\n<script type=\"application\/ld+json\" class=\"yoast-schema-graph\">{\"@context\":\"https:\/\/schema.org\",\"@graph\":[{\"@type\":\"WebPage\",\"@id\":\"https:\/\/flexfurn.com\/brochure-de-terrasse\/\",\"url\":\"https:\/\/flexfurn.com\/brochure-de-terrasse\/\",\"name\":\"Brochure de terrasse - Flexfurn\",\"isPartOf\":{\"@id\":\"https:\/\/flexfurn.com\/#website\"},\"primaryImageOfPage\":{\"@id\":\"https:\/\/flexfurn.com\/brochure-de-terrasse\/#primaryimage\"},\"image\":{\"@id\":\"https:\/\/flexfurn.com\/brochure-de-terrasse\/#primaryimage\"},\"thumbnailUrl\":\"https:\/\/flexfurn.com\/wp-content\/uploads\/2026\/04\/Terrassettig.png\",\"datePublished\":\"2026-04-08T07:19:31+00:00\",\"dateModified\":\"2026-04-08T08:24:19+00:00\",\"description\":\"Votre espace ext\u00e9rieur, avec le confort d\u2019un int\u00e9rieur. Une terrasse r\u00e9ussie est le prolongement de votre \u00e9tablissement, un lieu o\u00f9 les clients ne viennent pas seulement boire ou manger, mais o\u00f9 ils souhaitent rester.\",\"breadcrumb\":{\"@id\":\"https:\/\/flexfurn.com\/brochure-de-terrasse\/#breadcrumb\"},\"inLanguage\":\"de\",\"potentialAction\":[{\"@type\":\"ReadAction\",\"target\":[\"https:\/\/flexfurn.com\/brochure-de-terrasse\/\"]}]},{\"@type\":\"ImageObject\",\"inLanguage\":\"de\",\"@id\":\"https:\/\/flexfurn.com\/brochure-de-terrasse\/#primaryimage\",\"url\":\"https:\/\/flexfurn.com\/wp-content\/uploads\/2026\/04\/Terrassettig.png\",\"contentUrl\":\"https:\/\/flexfurn.com\/wp-content\/uploads\/2026\/04\/Terrassettig.png\",\"width\":2400,\"height\":2400,\"caption\":\"Een gezellige terras setting met de Linea dinner collectie van Flexfurn. Tafels met tafelblad diameter van 180 en 80 cm in roest decor waarrond de comfortabele zwarte Wave en groene Strato stapelstoelen geplaatste staan.\"},{\"@type\":\"BreadcrumbList\",\"@id\":\"https:\/\/flexfurn.com\/brochure-de-terrasse\/#breadcrumb\",\"itemListElement\":[{\"@type\":\"ListItem\",\"position\":1,\"name\":\"Home\",\"item\":\"https:\/\/flexfurn.com\/\"},{\"@type\":\"ListItem\",\"position\":2,\"name\":\"Brochure de terrasse\"}]},{\"@type\":\"WebSite\",\"@id\":\"https:\/\/flexfurn.com\/#website\",\"url\":\"https:\/\/flexfurn.com\/\",\"name\":\"Flexfurn\",\"description\":\"\",\"publisher\":{\"@id\":\"https:\/\/flexfurn.com\/#organization\"},\"potentialAction\":[{\"@type\":\"SearchAction\",\"target\":{\"@type\":\"EntryPoint\",\"urlTemplate\":\"https:\/\/flexfurn.com\/?s={search_term_string}\"},\"query-input\":{\"@type\":\"PropertyValueSpecification\",\"valueRequired\":true,\"valueName\":\"search_term_string\"}}],\"inLanguage\":\"de\"},{\"@type\":\"Organization\",\"@id\":\"https:\/\/flexfurn.com\/#organization\",\"name\":\"Flexfurn\",\"url\":\"https:\/\/flexfurn.com\/\",\"logo\":{\"@type\":\"ImageObject\",\"inLanguage\":\"de\",\"@id\":\"https:\/\/flexfurn.com\/#\/schema\/logo\/image\/\",\"url\":\"https:\/\/flexfurn.com\/wp-content\/uploads\/2023\/08\/LogoBlack.svg\",\"contentUrl\":\"https:\/\/flexfurn.com\/wp-content\/uploads\/2023\/08\/LogoBlack.svg\",\"width\":210,\"height\":60,\"caption\":\"Flexfurn\"},\"image\":{\"@id\":\"https:\/\/flexfurn.com\/#\/schema\/logo\/image\/\"}}]}<\/script>\n<!-- \/ Yoast SEO plugin. -->","yoast_head_json":{"title":"Terrassenbrosch\u00fcre - Flexfurn","description":"Genie\u00dfen Sie den Au\u00dfenbereich und den Komfort im Inneren. Eine Terrasse ist alles andere als ein Lokal, und unsere G\u00e4ste sind w\u00e4hrend ihres Aufenthalts jederzeit herzlich willkommen.","robots":{"index":"index","follow":"follow","max-snippet":"max-snippet:-1","max-image-preview":"max-image-preview:large","max-video-preview":"max-video-preview:-1"},"canonical":"https:\/\/flexfurn.com\/de\/broschure-die-terrasse\/","og_locale":"de_DE","og_type":"article","og_title":"Brochure de terrasse - Flexfurn","og_description":"Votre espace ext\u00e9rieur, avec le confort d\u2019un int\u00e9rieur. Une terrasse r\u00e9ussie est le prolongement de votre \u00e9tablissement, un lieu o\u00f9 les clients ne viennent pas seulement boire ou manger, mais o\u00f9 ils souhaitent rester.","og_url":"https:\/\/flexfurn.com\/de\/broschure-die-terrasse\/","og_site_name":"Flexfurn","article_modified_time":"2026-04-08T08:24:19+00:00","og_image":[{"width":1024,"height":1024,"url":"https:\/\/flexfurn.com\/wp-content\/uploads\/2026\/04\/Terrassettig-1024x1024.png","type":"image\/png"}],"twitter_card":"summary_large_image","schema":{"@context":"https:\/\/schema.org","@graph":[{"@type":"WebPage","@id":"https:\/\/flexfurn.com\/brochure-de-terrasse\/","url":"https:\/\/flexfurn.com\/brochure-de-terrasse\/","name":"Terrassenbrosch\u00fcre - Flexfurn","isPartOf":{"@id":"https:\/\/flexfurn.com\/#website"},"primaryImageOfPage":{"@id":"https:\/\/flexfurn.com\/brochure-de-terrasse\/#primaryimage"},"image":{"@id":"https:\/\/flexfurn.com\/brochure-de-terrasse\/#primaryimage"},"thumbnailUrl":"https:\/\/flexfurn.com\/wp-content\/uploads\/2026\/04\/Terrassettig.png","datePublished":"2026-04-08T07:19:31+00:00","dateModified":"2026-04-08T08:24:19+00:00","description":"Genie\u00dfen Sie den Au\u00dfenbereich und den Komfort im Inneren. Eine Terrasse ist alles andere als ein Lokal, und unsere G\u00e4ste sind w\u00e4hrend ihres Aufenthalts jederzeit herzlich willkommen.","breadcrumb":{"@id":"https:\/\/flexfurn.com\/brochure-de-terrasse\/#breadcrumb"},"inLanguage":"de","potentialAction":[{"@type":"ReadAction","target":["https:\/\/flexfurn.com\/brochure-de-terrasse\/"]}]},{"@type":"ImageObject","inLanguage":"de","@id":"https:\/\/flexfurn.com\/brochure-de-terrasse\/#primaryimage","url":"https:\/\/flexfurn.com\/wp-content\/uploads\/2026\/04\/Terrassettig.png","contentUrl":"https:\/\/flexfurn.com\/wp-content\/uploads\/2026\/04\/Terrassettig.png","width":2400,"height":2400,"caption":"Een gezellige terras setting met de Linea dinner collectie van Flexfurn. Tafels met tafelblad diameter van 180 en 80 cm in roest decor waarrond de comfortabele zwarte Wave en groene Strato stapelstoelen geplaatste staan."},{"@type":"BreadcrumbList","@id":"https:\/\/flexfurn.com\/brochure-de-terrasse\/#breadcrumb","itemListElement":[{"@type":"ListItem","position":1,"name":"Home","item":"https:\/\/flexfurn.com\/"},{"@type":"ListItem","position":2,"name":"Brochure de terrasse"}]},{"@type":"WebSite","@id":"https:\/\/flexfurn.com\/#website","url":"https:\/\/flexfurn.com\/","name":"Flexfurn","description":"","publisher":{"@id":"https:\/\/flexfurn.com\/#organization"},"potentialAction":[{"@type":"SearchAction","target":{"@type":"EntryPoint","urlTemplate":"https:\/\/flexfurn.com\/?s={search_term_string}"},"query-input":{"@type":"PropertyValueSpecification","valueRequired":true,"valueName":"search_term_string"}}],"inLanguage":"de"},{"@type":"Organization","@id":"https:\/\/flexfurn.com\/#organization","name":"Flexfurn","url":"https:\/\/flexfurn.com\/","logo":{"@type":"ImageObject","inLanguage":"de","@id":"https:\/\/flexfurn.com\/#\/schema\/logo\/image\/","url":"https:\/\/flexfurn.com\/wp-content\/uploads\/2023\/08\/LogoBlack.svg","contentUrl":"https:\/\/flexfurn.com\/wp-content\/uploads\/2023\/08\/LogoBlack.svg","width":210,"height":60,"caption":"Flexfurn"},"image":{"@id":"https:\/\/flexfurn.com\/#\/schema\/logo\/image\/"}}]}},"_links":{"self":[{"href":"https:\/\/flexfurn.com\/de\/wp-json\/wp\/v2\/pages\/34547","targetHints":{"allow":["GET"]}}],"collection":[{"href":"https:\/\/flexfurn.com\/de\/wp-json\/wp\/v2\/pages"}],"about":[{"href":"https:\/\/flexfurn.com\/de\/wp-json\/wp\/v2\/types\/page"}],"author":[{"embeddable":true,"href":"https:\/\/flexfurn.com\/de\/wp-json\/wp\/v2\/users\/2"}],"replies":[{"embeddable":true,"href":"https:\/\/flexfurn.com\/de\/wp-json\/wp\/v2\/comments?post=34547"}],"version-history":[{"count":3,"href":"https:\/\/flexfurn.com\/de\/wp-json\/wp\/v2\/pages\/34547\/revisions"}],"predecessor-version":[{"id":35031,"href":"https:\/\/flexfurn.com\/de\/wp-json\/wp\/v2\/pages\/34547\/revisions\/35031"}],"wp:featuredmedia":[{"embeddable":true,"href":"https:\/\/flexfurn.com\/de\/wp-json\/wp\/v2\/media\/35020"}],"wp:attachment":[{"href":"https:\/\/flexfurn.com\/de\/wp-json\/wp\/v2\/media?parent=34547"}],"curies":[{"name":"wp","href":"https:\/\/api.w.org\/{rel}","templated":true}]}}

Broschüre zur Terrasse

<!-- This site is optimized with the Yoast SEO plugin v26.6 - https://yoast.com/wordpress/plugins/seo/ -->
<title>Brochure de terrasse - Flexfurn</title>
<meta name="description" content="Votre espace extérieur, avec le confort d’un intérieur. Une terrasse réussie est le prolongement de votre établissement, un lieu où les clients ne viennent pas seulement boire ou manger, mais où ils souhaitent rester." />
<meta name="robots" content="index, follow, max-snippet:-1, max-image-preview:large, max-video-preview:-1" />
<link rel="canonical" href="https://flexfurn.com/de/broschure-die-terrasse/" />
<meta property="og:locale" content="de_DE" />
<meta property="og:type" content="article" />
<meta property="og:title" content="Brochure de terrasse - Flexfurn" />
<meta property="og:description" content="Votre espace extérieur, avec le confort d’un intérieur. Une terrasse réussie est le prolongement de votre établissement, un lieu où les clients ne viennent pas seulement boire ou manger, mais où ils souhaitent rester." />
<meta property="og:url" content="https://flexfurn.com/de/broschure-die-terrasse/" />
<meta property="og:site_name" content="Flexfurn" />
<meta property="article:modified_time" content="2026-04-08T08:24:19+00:00" />
<meta property="og:image" content="https://flexfurn.com/wp-content/uploads/2026/04/Terrassettig-1024x1024.png" />
	<meta property="og:image:width" content="1024" />
	<meta property="og:image:height" content="1024" />
	<meta property="og:image:type" content="image/png" />
<meta name="twitter:card" content="summary_large_image" />
<script type="application/ld+json" class="yoast-schema-graph">{"@context":"https://schema.org","@graph":[{"@type":"WebPage","@id":"https://flexfurn.com/brochure-de-terrasse/","url":"https://flexfurn.com/brochure-de-terrasse/","name":"Brochure de terrasse - Flexfurn","isPartOf":{"@id":"https://flexfurn.com/#website"},"primaryImageOfPage":{"@id":"https://flexfurn.com/brochure-de-terrasse/#primaryimage"},"image":{"@id":"https://flexfurn.com/brochure-de-terrasse/#primaryimage"},"thumbnailUrl":"https://flexfurn.com/wp-content/uploads/2026/04/Terrassettig.png","datePublished":"2026-04-08T07:19:31+00:00","dateModified":"2026-04-08T08:24:19+00:00","description":"Votre espace extérieur, avec le confort d’un intérieur. Une terrasse réussie est le prolongement de votre établissement, un lieu où les clients ne viennent pas seulement boire ou manger, mais où ils souhaitent rester.","breadcrumb":{"@id":"https://flexfurn.com/brochure-de-terrasse/#breadcrumb"},"inLanguage":"de","potentialAction":[{"@type":"ReadAction","target":["https://flexfurn.com/brochure-de-terrasse/"]}]},{"@type":"ImageObject","inLanguage":"de","@id":"https://flexfurn.com/brochure-de-terrasse/#primaryimage","url":"https://flexfurn.com/wp-content/uploads/2026/04/Terrassettig.png","contentUrl":"https://flexfurn.com/wp-content/uploads/2026/04/Terrassettig.png","width":2400,"height":2400,"caption":"Een gezellige terras setting met de Linea dinner collectie van Flexfurn. Tafels met tafelblad diameter van 180 en 80 cm in roest decor waarrond de comfortabele zwarte Wave en groene Strato stapelstoelen geplaatste staan."},{"@type":"BreadcrumbList","@id":"https://flexfurn.com/brochure-de-terrasse/#breadcrumb","itemListElement":[{"@type":"ListItem","position":1,"name":"Home","item":"https://flexfurn.com/"},{"@type":"ListItem","position":2,"name":"Brochure de terrasse"}]},{"@type":"WebSite","@id":"https://flexfurn.com/#website","url":"https://flexfurn.com/","name":"Flexfurn","description":"","publisher":{"@id":"https://flexfurn.com/#organization"},"potentialAction":[{"@type":"SearchAction","target":{"@type":"EntryPoint","urlTemplate":"https://flexfurn.com/?s={search_term_string}"},"query-input":{"@type":"PropertyValueSpecification","valueRequired":true,"valueName":"search_term_string"}}],"inLanguage":"de"},{"@type":"Organization","@id":"https://flexfurn.com/#organization","name":"Flexfurn","url":"https://flexfurn.com/","logo":{"@type":"ImageObject","inLanguage":"de","@id":"https://flexfurn.com/#/schema/logo/image/","url":"https://flexfurn.com/wp-content/uploads/2023/08/LogoBlack.svg","contentUrl":"https://flexfurn.com/wp-content/uploads/2023/08/LogoBlack.svg","width":210,"height":60,"caption":"Flexfurn"},"image":{"@id":"https://flexfurn.com/#/schema/logo/image/"}}]}</script>
<!-- / Yoast SEO plugin. -->

Terrassenbroschüre - Flexfurn

Genießen Sie den Außenbereich und den Komfort im Inneren. Eine Terrasse ist alles andere als ein Lokal, und unsere Gäste sind während ihres Aufenthalts jederzeit herzlich willkommen.

Votre espace extérieur, avec le confort d’un intérieur. Une terrasse réussie est le prolongement de votre établissement, un lieu où les clients ne viennent pas seulement boire ou manger, mais où ils souhaitent rester.
