{"id":1368,"date":"2023-12-18T09:07:14","date_gmt":"2023-12-18T08:07:14","guid":{"rendered":"https:\/\/beta.flexfurn.com\/product\/wave-stapelstoel\/"},"modified":"2025-07-11T09:04:54","modified_gmt":"2025-07-11T07:04:54","slug":"stapelstuhl-wave","status":"publish","type":"product","link":"https:\/\/flexfurn.com\/de\/produkt-2\/stapelstuhl-wave\/","title":{"rendered":"Wave Stapelstuhl"},"content":{"rendered":"<p>Der WAVE STACKING CHAIR aus strapazierf\u00e4higem Polypropylen ist speziell f\u00fcr den Au\u00dfenbereich konzipiert und somit eine ideale Erg\u00e4nzung f\u00fcr Ihre Terrasse, Veranda oder jede andere Au\u00dfenumgebung. Die klaren Linien und die Gesamt\u00e4sthetik des Stuhls zeugen von seinem modernen Design und schaffen eine einladende Atmosph\u00e4re zum Entspannen und f\u00fcr gesellige Zusammenk\u00fcnfte. Wie der Name schon sagt, ist der Wave-Stuhl von den anmutigen Kurven der Meereswellen inspiriert. Die sanfte Kr\u00fcmmung der R\u00fcckenlehne spiegelt das Kommen und Gehen einer Welle wider und verleiht dem Gesamterscheinungsbild einen Hauch von Fl\u00fcssigkeit. Diese Liebe zum Detail steigert nicht nur die optische Attraktivit\u00e4t des Stuhls, sondern tr\u00e4gt auch zu einem komfortablen und unterst\u00fctzenden Sitzgef\u00fchl bei.<\/p>","protected":false},"excerpt":{"rendered":"<p>Stapelbar<br \/>\nHergestellt aus Polypropylen<br \/>\nSitzfl\u00e4che aus beigem PP-Rattan<br \/>\nLeicht<br \/>\nVerwendung im Innen- und Au\u00dfenbereich<\/p>","protected":false},"featured_media":4874,"template":"","meta":[],"product_brand":[],"product_cat":[91,66],"product_tag":[],"class_list":{"0":"post-1368","1":"product","2":"type-product","3":"status-publish","4":"has-post-thumbnail","6":"product_cat-outdoor","7":"product_cat-stapelstoel","9":"first","10":"instock","11":"taxable","12":"shipping-taxable","13":"purchasable","14":"product-type-variable"},"yoast_head":"<!-- This site is optimized with the Yoast SEO plugin v26.6 - https:\/\/yoast.com\/wordpress\/plugins\/seo\/ -->\n<title>Wave Stapelstoel - Flexfurn<\/title>\n<meta name=\"robots\" content=\"index, follow, max-snippet:-1, max-image-preview:large, max-video-preview:-1\" \/>\n<link rel=\"canonical\" href=\"https:\/\/flexfurn.com\/de\/produkt-2\/stapelstuhl-wave\/\" \/>\n<meta property=\"og:locale\" content=\"de_DE\" \/>\n<meta property=\"og:type\" content=\"article\" \/>\n<meta property=\"og:title\" content=\"Wave Stapelstoel - Flexfurn\" \/>\n<meta property=\"og:description\" content=\"Stapelbaar Vervaardigt uit polypropyleen Beige PP rotan zitting Lichtgewicht Binnen- en buitengebruik\" \/>\n<meta property=\"og:url\" content=\"https:\/\/flexfurn.com\/de\/produkt-2\/stapelstuhl-wave\/\" \/>\n<meta property=\"og:site_name\" content=\"Flexfurn\" \/>\n<meta property=\"article:modified_time\" content=\"2025-07-11T07:04:54+00:00\" \/>\n<meta property=\"og:image\" content=\"https:\/\/flexfurn.com\/wp-content\/uploads\/2023\/12\/WAVE-CHAIR_Black_Low-view.jpg\" \/>\n\t<meta property=\"og:image:width\" content=\"2400\" \/>\n\t<meta property=\"og:image:height\" content=\"2400\" \/>\n\t<meta property=\"og:image:type\" content=\"image\/jpeg\" \/>\n<meta name=\"twitter:card\" content=\"summary_large_image\" \/>\n<meta name=\"twitter:label1\" content=\"Gesch\u00e4tzte Lesezeit\" \/>\n\t<meta name=\"twitter:data1\" content=\"1\u00a0Minute\" \/>\n<script type=\"application\/ld+json\" class=\"yoast-schema-graph\">{\"@context\":\"https:\/\/schema.org\",\"@graph\":[{\"@type\":\"WebPage\",\"@id\":\"https:\/\/flexfurn.com\/product\/wave-stapelstoel\/\",\"url\":\"https:\/\/flexfurn.com\/product\/wave-stapelstoel\/\",\"name\":\"Wave Stapelstoel - Flexfurn\",\"isPartOf\":{\"@id\":\"https:\/\/flexfurn.com\/#website\"},\"primaryImageOfPage\":{\"@id\":\"https:\/\/flexfurn.com\/product\/wave-stapelstoel\/#primaryimage\"},\"image\":{\"@id\":\"https:\/\/flexfurn.com\/product\/wave-stapelstoel\/#primaryimage\"},\"thumbnailUrl\":\"https:\/\/flexfurn.com\/wp-content\/uploads\/2023\/12\/WAVE-CHAIR_Black_Low-view.jpg\",\"datePublished\":\"2023-12-18T08:07:14+00:00\",\"dateModified\":\"2025-07-11T07:04:54+00:00\",\"breadcrumb\":{\"@id\":\"https:\/\/flexfurn.com\/product\/wave-stapelstoel\/#breadcrumb\"},\"inLanguage\":\"de\",\"potentialAction\":[{\"@type\":\"ReadAction\",\"target\":[\"https:\/\/flexfurn.com\/product\/wave-stapelstoel\/\"]}]},{\"@type\":\"ImageObject\",\"inLanguage\":\"de\",\"@id\":\"https:\/\/flexfurn.com\/product\/wave-stapelstoel\/#primaryimage\",\"url\":\"https:\/\/flexfurn.com\/wp-content\/uploads\/2023\/12\/WAVE-CHAIR_Black_Low-view.jpg\",\"contentUrl\":\"https:\/\/flexfurn.com\/wp-content\/uploads\/2023\/12\/WAVE-CHAIR_Black_Low-view.jpg\",\"width\":2400,\"height\":2400},{\"@type\":\"BreadcrumbList\",\"@id\":\"https:\/\/flexfurn.com\/product\/wave-stapelstoel\/#breadcrumb\",\"itemListElement\":[{\"@type\":\"ListItem\",\"position\":1,\"name\":\"Home\",\"item\":\"https:\/\/flexfurn.com\/\"},{\"@type\":\"ListItem\",\"position\":2,\"name\":\"Winkel\",\"item\":\"https:\/\/flexfurn.com\/winkel\/\"},{\"@type\":\"ListItem\",\"position\":3,\"name\":\"Wave Stapelstoel\"}]},{\"@type\":\"WebSite\",\"@id\":\"https:\/\/flexfurn.com\/#website\",\"url\":\"https:\/\/flexfurn.com\/\",\"name\":\"Flexfurn\",\"description\":\"\",\"publisher\":{\"@id\":\"https:\/\/flexfurn.com\/#organization\"},\"potentialAction\":[{\"@type\":\"SearchAction\",\"target\":{\"@type\":\"EntryPoint\",\"urlTemplate\":\"https:\/\/flexfurn.com\/?s={search_term_string}\"},\"query-input\":{\"@type\":\"PropertyValueSpecification\",\"valueRequired\":true,\"valueName\":\"search_term_string\"}}],\"inLanguage\":\"de\"},{\"@type\":\"Organization\",\"@id\":\"https:\/\/flexfurn.com\/#organization\",\"name\":\"Flexfurn\",\"url\":\"https:\/\/flexfurn.com\/\",\"logo\":{\"@type\":\"ImageObject\",\"inLanguage\":\"de\",\"@id\":\"https:\/\/flexfurn.com\/#\/schema\/logo\/image\/\",\"url\":\"https:\/\/flexfurn.com\/wp-content\/uploads\/2023\/08\/LogoBlack.svg\",\"contentUrl\":\"https:\/\/flexfurn.com\/wp-content\/uploads\/2023\/08\/LogoBlack.svg\",\"width\":210,\"height\":60,\"caption\":\"Flexfurn\"},\"image\":{\"@id\":\"https:\/\/flexfurn.com\/#\/schema\/logo\/image\/\"}}]}<\/script>\n<!-- \/ Yoast SEO plugin. -->","yoast_head_json":{"title":"Wave Stapelstuhl - Flexfurn","robots":{"index":"index","follow":"follow","max-snippet":"max-snippet:-1","max-image-preview":"max-image-preview:large","max-video-preview":"max-video-preview:-1"},"canonical":"https:\/\/flexfurn.com\/de\/produkt-2\/stapelstuhl-wave\/","og_locale":"de_DE","og_type":"article","og_title":"Wave Stapelstoel - Flexfurn","og_description":"Stapelbaar Vervaardigt uit polypropyleen Beige PP rotan zitting Lichtgewicht Binnen- en buitengebruik","og_url":"https:\/\/flexfurn.com\/de\/produkt-2\/stapelstuhl-wave\/","og_site_name":"Flexfurn","article_modified_time":"2025-07-11T07:04:54+00:00","og_image":[{"width":2400,"height":2400,"url":"https:\/\/flexfurn.com\/wp-content\/uploads\/2023\/12\/WAVE-CHAIR_Black_Low-view.jpg","type":"image\/jpeg"}],"twitter_card":"summary_large_image","twitter_misc":{"Gesch\u00e4tzte Lesezeit":"1\u00a0Minute"},"schema":{"@context":"https:\/\/schema.org","@graph":[{"@type":"WebPage","@id":"https:\/\/flexfurn.com\/product\/wave-stapelstoel\/","url":"https:\/\/flexfurn.com\/product\/wave-stapelstoel\/","name":"Wave Stapelstuhl - Flexfurn","isPartOf":{"@id":"https:\/\/flexfurn.com\/#website"},"primaryImageOfPage":{"@id":"https:\/\/flexfurn.com\/product\/wave-stapelstoel\/#primaryimage"},"image":{"@id":"https:\/\/flexfurn.com\/product\/wave-stapelstoel\/#primaryimage"},"thumbnailUrl":"https:\/\/flexfurn.com\/wp-content\/uploads\/2023\/12\/WAVE-CHAIR_Black_Low-view.jpg","datePublished":"2023-12-18T08:07:14+00:00","dateModified":"2025-07-11T07:04:54+00:00","breadcrumb":{"@id":"https:\/\/flexfurn.com\/product\/wave-stapelstoel\/#breadcrumb"},"inLanguage":"de","potentialAction":[{"@type":"ReadAction","target":["https:\/\/flexfurn.com\/product\/wave-stapelstoel\/"]}]},{"@type":"ImageObject","inLanguage":"de","@id":"https:\/\/flexfurn.com\/product\/wave-stapelstoel\/#primaryimage","url":"https:\/\/flexfurn.com\/wp-content\/uploads\/2023\/12\/WAVE-CHAIR_Black_Low-view.jpg","contentUrl":"https:\/\/flexfurn.com\/wp-content\/uploads\/2023\/12\/WAVE-CHAIR_Black_Low-view.jpg","width":2400,"height":2400},{"@type":"BreadcrumbList","@id":"https:\/\/flexfurn.com\/product\/wave-stapelstoel\/#breadcrumb","itemListElement":[{"@type":"ListItem","position":1,"name":"Home","item":"https:\/\/flexfurn.com\/"},{"@type":"ListItem","position":2,"name":"Winkel","item":"https:\/\/flexfurn.com\/winkel\/"},{"@type":"ListItem","position":3,"name":"Wave Stapelstoel"}]},{"@type":"WebSite","@id":"https:\/\/flexfurn.com\/#website","url":"https:\/\/flexfurn.com\/","name":"Flexfurn","description":"","publisher":{"@id":"https:\/\/flexfurn.com\/#organization"},"potentialAction":[{"@type":"SearchAction","target":{"@type":"EntryPoint","urlTemplate":"https:\/\/flexfurn.com\/?s={search_term_string}"},"query-input":{"@type":"PropertyValueSpecification","valueRequired":true,"valueName":"search_term_string"}}],"inLanguage":"de"},{"@type":"Organization","@id":"https:\/\/flexfurn.com\/#organization","name":"Flexfurn","url":"https:\/\/flexfurn.com\/","logo":{"@type":"ImageObject","inLanguage":"de","@id":"https:\/\/flexfurn.com\/#\/schema\/logo\/image\/","url":"https:\/\/flexfurn.com\/wp-content\/uploads\/2023\/08\/LogoBlack.svg","contentUrl":"https:\/\/flexfurn.com\/wp-content\/uploads\/2023\/08\/LogoBlack.svg","width":210,"height":60,"caption":"Flexfurn"},"image":{"@id":"https:\/\/flexfurn.com\/#\/schema\/logo\/image\/"}}]}},"_links":{"self":[{"href":"https:\/\/flexfurn.com\/de\/wp-json\/wp\/v2\/product\/1368","targetHints":{"allow":["GET"]}}],"collection":[{"href":"https:\/\/flexfurn.com\/de\/wp-json\/wp\/v2\/product"}],"about":[{"href":"https:\/\/flexfurn.com\/de\/wp-json\/wp\/v2\/types\/product"}],"wp:featuredmedia":[{"embeddable":true,"href":"https:\/\/flexfurn.com\/de\/wp-json\/wp\/v2\/media\/4874"}],"wp:attachment":[{"href":"https:\/\/flexfurn.com\/de\/wp-json\/wp\/v2\/media?parent=1368"}],"wp:term":[{"taxonomy":"product_brand","embeddable":true,"href":"https:\/\/flexfurn.com\/de\/wp-json\/wp\/v2\/product_brand?post=1368"},{"taxonomy":"product_cat","embeddable":true,"href":"https:\/\/flexfurn.com\/de\/wp-json\/wp\/v2\/product_cat?post=1368"},{"taxonomy":"product_tag","embeddable":true,"href":"https:\/\/flexfurn.com\/de\/wp-json\/wp\/v2\/product_tag?post=1368"}],"curies":[{"name":"wp","href":"https:\/\/api.w.org\/{rel}","templated":true}]}}

<p>Der WAVE STACKING CHAIR aus strapazierfähigem Polypropylen ist speziell für den Außenbereich konzipiert und somit eine ideale Ergänzung für Ihre Terrasse, Veranda oder jede andere Außenumgebung. Die klaren Linien und die Gesamtästhetik des Stuhls zeugen von seinem modernen Design und schaffen eine einladende Atmosphäre zum Entspannen und für gesellige Zusammenkünfte. Wie der Name schon sagt, ist der Wave-Stuhl von den anmutigen Kurven der Meereswellen inspiriert. Die sanfte Krümmung der Rückenlehne spiegelt das Kommen und Gehen einer Welle wider und verleiht dem Gesamterscheinungsbild einen Hauch von Flüssigkeit. Diese Liebe zum Detail steigert nicht nur die optische Attraktivität des Stuhls, sondern trägt auch zu einem komfortablen und unterstützenden Sitzgefühl bei.</p>

<p>Stapelbar<br />
Hergestellt aus Polypropylen<br />
Sitzfläche aus beigem PP-Rattan<br />
Leicht<br />
Verwendung im Innen- und Außenbereich</p>

<!-- This site is optimized with the Yoast SEO plugin v26.6 - https://yoast.com/wordpress/plugins/seo/ -->
<title>Wave Stapelstoel - Flexfurn</title>
<meta name="robots" content="index, follow, max-snippet:-1, max-image-preview:large, max-video-preview:-1" />
<link rel="canonical" href="https://flexfurn.com/de/produkt-2/stapelstuhl-wave/" />
<meta property="og:locale" content="de_DE" />
<meta property="og:type" content="article" />
<meta property="og:title" content="Wave Stapelstoel - Flexfurn" />
<meta property="og:description" content="Stapelbaar Vervaardigt uit polypropyleen Beige PP rotan zitting Lichtgewicht Binnen- en buitengebruik" />
<meta property="og:url" content="https://flexfurn.com/de/produkt-2/stapelstuhl-wave/" />
<meta property="og:site_name" content="Flexfurn" />
<meta property="article:modified_time" content="2025-07-11T07:04:54+00:00" />
<meta property="og:image" content="https://flexfurn.com/wp-content/uploads/2023/12/WAVE-CHAIR_Black_Low-view.jpg" />
	<meta property="og:image:width" content="2400" />
	<meta property="og:image:height" content="2400" />
	<meta property="og:image:type" content="image/jpeg" />
<meta name="twitter:card" content="summary_large_image" />
<meta name="twitter:label1" content="Geschätzte Lesezeit" />
	<meta name="twitter:data1" content="1 Minute" />
<script type="application/ld+json" class="yoast-schema-graph">{"@context":"https://schema.org","@graph":[{"@type":"WebPage","@id":"https://flexfurn.com/product/wave-stapelstoel/","url":"https://flexfurn.com/product/wave-stapelstoel/","name":"Wave Stapelstoel - Flexfurn","isPartOf":{"@id":"https://flexfurn.com/#website"},"primaryImageOfPage":{"@id":"https://flexfurn.com/product/wave-stapelstoel/#primaryimage"},"image":{"@id":"https://flexfurn.com/product/wave-stapelstoel/#primaryimage"},"thumbnailUrl":"https://flexfurn.com/wp-content/uploads/2023/12/WAVE-CHAIR_Black_Low-view.jpg","datePublished":"2023-12-18T08:07:14+00:00","dateModified":"2025-07-11T07:04:54+00:00","breadcrumb":{"@id":"https://flexfurn.com/product/wave-stapelstoel/#breadcrumb"},"inLanguage":"de","potentialAction":[{"@type":"ReadAction","target":["https://flexfurn.com/product/wave-stapelstoel/"]}]},{"@type":"ImageObject","inLanguage":"de","@id":"https://flexfurn.com/product/wave-stapelstoel/#primaryimage","url":"https://flexfurn.com/wp-content/uploads/2023/12/WAVE-CHAIR_Black_Low-view.jpg","contentUrl":"https://flexfurn.com/wp-content/uploads/2023/12/WAVE-CHAIR_Black_Low-view.jpg","width":2400,"height":2400},{"@type":"BreadcrumbList","@id":"https://flexfurn.com/product/wave-stapelstoel/#breadcrumb","itemListElement":[{"@type":"ListItem","position":1,"name":"Home","item":"https://flexfurn.com/"},{"@type":"ListItem","position":2,"name":"Winkel","item":"https://flexfurn.com/winkel/"},{"@type":"ListItem","position":3,"name":"Wave Stapelstoel"}]},{"@type":"WebSite","@id":"https://flexfurn.com/#website","url":"https://flexfurn.com/","name":"Flexfurn","description":"","publisher":{"@id":"https://flexfurn.com/#organization"},"potentialAction":[{"@type":"SearchAction","target":{"@type":"EntryPoint","urlTemplate":"https://flexfurn.com/?s={search_term_string}"},"query-input":{"@type":"PropertyValueSpecification","valueRequired":true,"valueName":"search_term_string"}}],"inLanguage":"de"},{"@type":"Organization","@id":"https://flexfurn.com/#organization","name":"Flexfurn","url":"https://flexfurn.com/","logo":{"@type":"ImageObject","inLanguage":"de","@id":"https://flexfurn.com/#/schema/logo/image/","url":"https://flexfurn.com/wp-content/uploads/2023/08/LogoBlack.svg","contentUrl":"https://flexfurn.com/wp-content/uploads/2023/08/LogoBlack.svg","width":210,"height":60,"caption":"Flexfurn"},"image":{"@id":"https://flexfurn.com/#/schema/logo/image/"}}]}</script>
<!-- / Yoast SEO plugin. -->
