{"id":1379,"date":"2023-12-18T09:07:15","date_gmt":"2023-12-18T08:07:15","guid":{"rendered":"https:\/\/beta.flexfurn.com\/product\/fermette-klaptafel-hoog\/"},"modified":"2025-01-06T14:51:44","modified_gmt":"2025-01-06T13:51:44","slug":"fermette-klapptisch-hoch","status":"publish","type":"product","link":"https:\/\/flexfurn.com\/de\/produkt-2\/fermette-klapptisch-hoch\/","title":{"rendered":"Fermette Klapptisch hoch"},"content":{"rendered":"<p>Lernen Sie die FERMETTE COLLECTION kennen, einen robusten Tisch aus feinstem Holz f\u00fcr verschiedene Anl\u00e4sse. Von Hochzeiten bis hin zu Catering-Events bietet der Fermette-Tisch den rustikalen Charme, den Sie suchen. Dieser robuste Tisch ist aus antikem Kiefernholz gefertigt und verf\u00fcgt \u00fcber ein praktisches Verriegelungssystem mit Schl\u00f6ssern an den Tischbeinen, das optimale Stabilit\u00e4t garantiert. Neben seinem eleganten Design ist dieser Klapptisch auch praktisch in der Handhabung.<\/p>","protected":false},"excerpt":{"rendered":"<p>Faltbar<br \/>\nAntikes Kiefernholz<br \/>\nEinfache Verriegelungshalterung<br \/>\nVerwendung im Innenbereich<\/p>","protected":false},"featured_media":8818,"template":"","meta":[],"product_brand":[],"product_cat":[68,70],"product_tag":[],"class_list":{"0":"post-1379","1":"product","2":"type-product","3":"status-publish","4":"has-post-thumbnail","6":"product_cat-klaptafel","7":"product_cat-statafel","9":"first","10":"instock","11":"taxable","12":"shipping-taxable","13":"purchasable","14":"product-type-simple"},"yoast_head":"<!-- This site is optimized with the Yoast SEO plugin v26.6 - https:\/\/yoast.com\/wordpress\/plugins\/seo\/ -->\n<title>Fermette klaptafel hoog - Flexfurn<\/title>\n<meta name=\"robots\" content=\"index, follow, max-snippet:-1, max-image-preview:large, max-video-preview:-1\" \/>\n<link rel=\"canonical\" href=\"https:\/\/flexfurn.com\/de\/produkt-2\/fermette-klapptisch-hoch\/\" \/>\n<meta property=\"og:locale\" content=\"de_DE\" \/>\n<meta property=\"og:type\" content=\"article\" \/>\n<meta property=\"og:title\" content=\"Fermette klaptafel hoog - Flexfurn\" \/>\n<meta property=\"og:description\" content=\"Klapbaar Antiek dennenhout Eenvoudige vergrendelingsbeugel Binnengebruik\" \/>\n<meta property=\"og:url\" content=\"https:\/\/flexfurn.com\/de\/produkt-2\/fermette-klapptisch-hoch\/\" \/>\n<meta property=\"og:site_name\" content=\"Flexfurn\" \/>\n<meta property=\"article:modified_time\" content=\"2025-01-06T13:51:44+00:00\" \/>\n<meta property=\"og:image\" content=\"https:\/\/flexfurn.com\/wp-content\/uploads\/2023\/12\/0b5843831a18411a846a98098a1208112ee52955f34844a7abebc8f9a1062062a09d537bc16d4fad9d980096befdb172.jpg\" \/>\n\t<meta property=\"og:image:width\" content=\"2000\" \/>\n\t<meta property=\"og:image:height\" content=\"2000\" \/>\n\t<meta property=\"og:image:type\" content=\"image\/jpeg\" \/>\n<meta name=\"twitter:card\" content=\"summary_large_image\" \/>\n<meta name=\"twitter:label1\" content=\"Gesch\u00e4tzte Lesezeit\" \/>\n\t<meta name=\"twitter:data1\" content=\"1\u00a0Minute\" \/>\n<script type=\"application\/ld+json\" class=\"yoast-schema-graph\">{\"@context\":\"https:\/\/schema.org\",\"@graph\":[{\"@type\":\"WebPage\",\"@id\":\"https:\/\/flexfurn.com\/product\/fermette-klaptafel-hoog\/\",\"url\":\"https:\/\/flexfurn.com\/product\/fermette-klaptafel-hoog\/\",\"name\":\"Fermette klaptafel hoog - Flexfurn\",\"isPartOf\":{\"@id\":\"https:\/\/flexfurn.com\/#website\"},\"primaryImageOfPage\":{\"@id\":\"https:\/\/flexfurn.com\/product\/fermette-klaptafel-hoog\/#primaryimage\"},\"image\":{\"@id\":\"https:\/\/flexfurn.com\/product\/fermette-klaptafel-hoog\/#primaryimage\"},\"thumbnailUrl\":\"https:\/\/flexfurn.com\/wp-content\/uploads\/2025\/07\/0b5843831a18411a846a98098a1208112ee52955f34844a7abebc8f9a1062062a09d537bc16d4fad9d980096befdb172.jpg\",\"datePublished\":\"2023-12-18T08:07:15+00:00\",\"dateModified\":\"2025-01-06T13:51:44+00:00\",\"breadcrumb\":{\"@id\":\"https:\/\/flexfurn.com\/product\/fermette-klaptafel-hoog\/#breadcrumb\"},\"inLanguage\":\"de\",\"potentialAction\":[{\"@type\":\"ReadAction\",\"target\":[\"https:\/\/flexfurn.com\/product\/fermette-klaptafel-hoog\/\"]}]},{\"@type\":\"ImageObject\",\"inLanguage\":\"de\",\"@id\":\"https:\/\/flexfurn.com\/product\/fermette-klaptafel-hoog\/#primaryimage\",\"url\":\"https:\/\/flexfurn.com\/wp-content\/uploads\/2025\/07\/0b5843831a18411a846a98098a1208112ee52955f34844a7abebc8f9a1062062a09d537bc16d4fad9d980096befdb172.jpg\",\"contentUrl\":\"https:\/\/flexfurn.com\/wp-content\/uploads\/2025\/07\/0b5843831a18411a846a98098a1208112ee52955f34844a7abebc8f9a1062062a09d537bc16d4fad9d980096befdb172.jpg\",\"width\":2000,\"height\":2000,\"caption\":\"Fermette High - Folding Table\"},{\"@type\":\"BreadcrumbList\",\"@id\":\"https:\/\/flexfurn.com\/product\/fermette-klaptafel-hoog\/#breadcrumb\",\"itemListElement\":[{\"@type\":\"ListItem\",\"position\":1,\"name\":\"Home\",\"item\":\"https:\/\/flexfurn.com\/\"},{\"@type\":\"ListItem\",\"position\":2,\"name\":\"Winkel\",\"item\":\"https:\/\/flexfurn.com\/winkel\/\"},{\"@type\":\"ListItem\",\"position\":3,\"name\":\"Fermette klaptafel hoog\"}]},{\"@type\":\"WebSite\",\"@id\":\"https:\/\/flexfurn.com\/#website\",\"url\":\"https:\/\/flexfurn.com\/\",\"name\":\"Flexfurn\",\"description\":\"\",\"publisher\":{\"@id\":\"https:\/\/flexfurn.com\/#organization\"},\"potentialAction\":[{\"@type\":\"SearchAction\",\"target\":{\"@type\":\"EntryPoint\",\"urlTemplate\":\"https:\/\/flexfurn.com\/?s={search_term_string}\"},\"query-input\":{\"@type\":\"PropertyValueSpecification\",\"valueRequired\":true,\"valueName\":\"search_term_string\"}}],\"inLanguage\":\"de\"},{\"@type\":\"Organization\",\"@id\":\"https:\/\/flexfurn.com\/#organization\",\"name\":\"Flexfurn\",\"url\":\"https:\/\/flexfurn.com\/\",\"logo\":{\"@type\":\"ImageObject\",\"inLanguage\":\"de\",\"@id\":\"https:\/\/flexfurn.com\/#\/schema\/logo\/image\/\",\"url\":\"https:\/\/flexfurn.com\/wp-content\/uploads\/2023\/08\/LogoBlack.svg\",\"contentUrl\":\"https:\/\/flexfurn.com\/wp-content\/uploads\/2023\/08\/LogoBlack.svg\",\"width\":210,\"height\":60,\"caption\":\"Flexfurn\"},\"image\":{\"@id\":\"https:\/\/flexfurn.com\/#\/schema\/logo\/image\/\"}}]}<\/script>\n<!-- \/ Yoast SEO plugin. -->","yoast_head_json":{"title":"Fermette Klapptisch hoch - Flexfurn","robots":{"index":"index","follow":"follow","max-snippet":"max-snippet:-1","max-image-preview":"max-image-preview:large","max-video-preview":"max-video-preview:-1"},"canonical":"https:\/\/flexfurn.com\/de\/produkt-2\/fermette-klapptisch-hoch\/","og_locale":"de_DE","og_type":"article","og_title":"Fermette klaptafel hoog - Flexfurn","og_description":"Klapbaar Antiek dennenhout Eenvoudige vergrendelingsbeugel Binnengebruik","og_url":"https:\/\/flexfurn.com\/de\/produkt-2\/fermette-klapptisch-hoch\/","og_site_name":"Flexfurn","article_modified_time":"2025-01-06T13:51:44+00:00","og_image":[{"width":2000,"height":2000,"url":"https:\/\/flexfurn.com\/wp-content\/uploads\/2023\/12\/0b5843831a18411a846a98098a1208112ee52955f34844a7abebc8f9a1062062a09d537bc16d4fad9d980096befdb172.jpg","type":"image\/jpeg"}],"twitter_card":"summary_large_image","twitter_misc":{"Gesch\u00e4tzte Lesezeit":"1\u00a0Minute"},"schema":{"@context":"https:\/\/schema.org","@graph":[{"@type":"WebPage","@id":"https:\/\/flexfurn.com\/product\/fermette-klaptafel-hoog\/","url":"https:\/\/flexfurn.com\/product\/fermette-klaptafel-hoog\/","name":"Fermette Klapptisch hoch - Flexfurn","isPartOf":{"@id":"https:\/\/flexfurn.com\/#website"},"primaryImageOfPage":{"@id":"https:\/\/flexfurn.com\/product\/fermette-klaptafel-hoog\/#primaryimage"},"image":{"@id":"https:\/\/flexfurn.com\/product\/fermette-klaptafel-hoog\/#primaryimage"},"thumbnailUrl":"https:\/\/flexfurn.com\/wp-content\/uploads\/2025\/07\/0b5843831a18411a846a98098a1208112ee52955f34844a7abebc8f9a1062062a09d537bc16d4fad9d980096befdb172.jpg","datePublished":"2023-12-18T08:07:15+00:00","dateModified":"2025-01-06T13:51:44+00:00","breadcrumb":{"@id":"https:\/\/flexfurn.com\/product\/fermette-klaptafel-hoog\/#breadcrumb"},"inLanguage":"de","potentialAction":[{"@type":"ReadAction","target":["https:\/\/flexfurn.com\/product\/fermette-klaptafel-hoog\/"]}]},{"@type":"ImageObject","inLanguage":"de","@id":"https:\/\/flexfurn.com\/product\/fermette-klaptafel-hoog\/#primaryimage","url":"https:\/\/flexfurn.com\/wp-content\/uploads\/2025\/07\/0b5843831a18411a846a98098a1208112ee52955f34844a7abebc8f9a1062062a09d537bc16d4fad9d980096befdb172.jpg","contentUrl":"https:\/\/flexfurn.com\/wp-content\/uploads\/2025\/07\/0b5843831a18411a846a98098a1208112ee52955f34844a7abebc8f9a1062062a09d537bc16d4fad9d980096befdb172.jpg","width":2000,"height":2000,"caption":"Fermette High - Folding Table"},{"@type":"BreadcrumbList","@id":"https:\/\/flexfurn.com\/product\/fermette-klaptafel-hoog\/#breadcrumb","itemListElement":[{"@type":"ListItem","position":1,"name":"Home","item":"https:\/\/flexfurn.com\/"},{"@type":"ListItem","position":2,"name":"Winkel","item":"https:\/\/flexfurn.com\/winkel\/"},{"@type":"ListItem","position":3,"name":"Fermette klaptafel hoog"}]},{"@type":"WebSite","@id":"https:\/\/flexfurn.com\/#website","url":"https:\/\/flexfurn.com\/","name":"Flexfurn","description":"","publisher":{"@id":"https:\/\/flexfurn.com\/#organization"},"potentialAction":[{"@type":"SearchAction","target":{"@type":"EntryPoint","urlTemplate":"https:\/\/flexfurn.com\/?s={search_term_string}"},"query-input":{"@type":"PropertyValueSpecification","valueRequired":true,"valueName":"search_term_string"}}],"inLanguage":"de"},{"@type":"Organization","@id":"https:\/\/flexfurn.com\/#organization","name":"Flexfurn","url":"https:\/\/flexfurn.com\/","logo":{"@type":"ImageObject","inLanguage":"de","@id":"https:\/\/flexfurn.com\/#\/schema\/logo\/image\/","url":"https:\/\/flexfurn.com\/wp-content\/uploads\/2023\/08\/LogoBlack.svg","contentUrl":"https:\/\/flexfurn.com\/wp-content\/uploads\/2023\/08\/LogoBlack.svg","width":210,"height":60,"caption":"Flexfurn"},"image":{"@id":"https:\/\/flexfurn.com\/#\/schema\/logo\/image\/"}}]}},"_links":{"self":[{"href":"https:\/\/flexfurn.com\/de\/wp-json\/wp\/v2\/product\/1379","targetHints":{"allow":["GET"]}}],"collection":[{"href":"https:\/\/flexfurn.com\/de\/wp-json\/wp\/v2\/product"}],"about":[{"href":"https:\/\/flexfurn.com\/de\/wp-json\/wp\/v2\/types\/product"}],"wp:featuredmedia":[{"embeddable":true,"href":"https:\/\/flexfurn.com\/de\/wp-json\/wp\/v2\/media\/8818"}],"wp:attachment":[{"href":"https:\/\/flexfurn.com\/de\/wp-json\/wp\/v2\/media?parent=1379"}],"wp:term":[{"taxonomy":"product_brand","embeddable":true,"href":"https:\/\/flexfurn.com\/de\/wp-json\/wp\/v2\/product_brand?post=1379"},{"taxonomy":"product_cat","embeddable":true,"href":"https:\/\/flexfurn.com\/de\/wp-json\/wp\/v2\/product_cat?post=1379"},{"taxonomy":"product_tag","embeddable":true,"href":"https:\/\/flexfurn.com\/de\/wp-json\/wp\/v2\/product_tag?post=1379"}],"curies":[{"name":"wp","href":"https:\/\/api.w.org\/{rel}","templated":true}]}}

<p>Lernen Sie die FERMETTE COLLECTION kennen, einen robusten Tisch aus feinstem Holz für verschiedene Anlässe. Von Hochzeiten bis hin zu Catering-Events bietet der Fermette-Tisch den rustikalen Charme, den Sie suchen. Dieser robuste Tisch ist aus antikem Kiefernholz gefertigt und verfügt über ein praktisches Verriegelungssystem mit Schlössern an den Tischbeinen, das optimale Stabilität garantiert. Neben seinem eleganten Design ist dieser Klapptisch auch praktisch in der Handhabung.</p>

<!-- This site is optimized with the Yoast SEO plugin v26.6 - https://yoast.com/wordpress/plugins/seo/ -->
<title>Fermette klaptafel hoog - Flexfurn</title>
<meta name="robots" content="index, follow, max-snippet:-1, max-image-preview:large, max-video-preview:-1" />
<link rel="canonical" href="https://flexfurn.com/de/produkt-2/fermette-klapptisch-hoch/" />
<meta property="og:locale" content="de_DE" />
<meta property="og:type" content="article" />
<meta property="og:title" content="Fermette klaptafel hoog - Flexfurn" />
<meta property="og:description" content="Klapbaar Antiek dennenhout Eenvoudige vergrendelingsbeugel Binnengebruik" />
<meta property="og:url" content="https://flexfurn.com/de/produkt-2/fermette-klapptisch-hoch/" />
<meta property="og:site_name" content="Flexfurn" />
<meta property="article:modified_time" content="2025-01-06T13:51:44+00:00" />
<meta property="og:image" content="https://flexfurn.com/wp-content/uploads/2023/12/0b5843831a18411a846a98098a1208112ee52955f34844a7abebc8f9a1062062a09d537bc16d4fad9d980096befdb172.jpg" />
	<meta property="og:image:width" content="2000" />
	<meta property="og:image:height" content="2000" />
	<meta property="og:image:type" content="image/jpeg" />
<meta name="twitter:card" content="summary_large_image" />
<meta name="twitter:label1" content="Geschätzte Lesezeit" />
	<meta name="twitter:data1" content="1 Minute" />
<script type="application/ld+json" class="yoast-schema-graph">{"@context":"https://schema.org","@graph":[{"@type":"WebPage","@id":"https://flexfurn.com/product/fermette-klaptafel-hoog/","url":"https://flexfurn.com/product/fermette-klaptafel-hoog/","name":"Fermette klaptafel hoog - Flexfurn","isPartOf":{"@id":"https://flexfurn.com/#website"},"primaryImageOfPage":{"@id":"https://flexfurn.com/product/fermette-klaptafel-hoog/#primaryimage"},"image":{"@id":"https://flexfurn.com/product/fermette-klaptafel-hoog/#primaryimage"},"thumbnailUrl":"https://flexfurn.com/wp-content/uploads/2025/07/0b5843831a18411a846a98098a1208112ee52955f34844a7abebc8f9a1062062a09d537bc16d4fad9d980096befdb172.jpg","datePublished":"2023-12-18T08:07:15+00:00","dateModified":"2025-01-06T13:51:44+00:00","breadcrumb":{"@id":"https://flexfurn.com/product/fermette-klaptafel-hoog/#breadcrumb"},"inLanguage":"de","potentialAction":[{"@type":"ReadAction","target":["https://flexfurn.com/product/fermette-klaptafel-hoog/"]}]},{"@type":"ImageObject","inLanguage":"de","@id":"https://flexfurn.com/product/fermette-klaptafel-hoog/#primaryimage","url":"https://flexfurn.com/wp-content/uploads/2025/07/0b5843831a18411a846a98098a1208112ee52955f34844a7abebc8f9a1062062a09d537bc16d4fad9d980096befdb172.jpg","contentUrl":"https://flexfurn.com/wp-content/uploads/2025/07/0b5843831a18411a846a98098a1208112ee52955f34844a7abebc8f9a1062062a09d537bc16d4fad9d980096befdb172.jpg","width":2000,"height":2000,"caption":"Fermette High - Folding Table"},{"@type":"BreadcrumbList","@id":"https://flexfurn.com/product/fermette-klaptafel-hoog/#breadcrumb","itemListElement":[{"@type":"ListItem","position":1,"name":"Home","item":"https://flexfurn.com/"},{"@type":"ListItem","position":2,"name":"Winkel","item":"https://flexfurn.com/winkel/"},{"@type":"ListItem","position":3,"name":"Fermette klaptafel hoog"}]},{"@type":"WebSite","@id":"https://flexfurn.com/#website","url":"https://flexfurn.com/","name":"Flexfurn","description":"","publisher":{"@id":"https://flexfurn.com/#organization"},"potentialAction":[{"@type":"SearchAction","target":{"@type":"EntryPoint","urlTemplate":"https://flexfurn.com/?s={search_term_string}"},"query-input":{"@type":"PropertyValueSpecification","valueRequired":true,"valueName":"search_term_string"}}],"inLanguage":"de"},{"@type":"Organization","@id":"https://flexfurn.com/#organization","name":"Flexfurn","url":"https://flexfurn.com/","logo":{"@type":"ImageObject","inLanguage":"de","@id":"https://flexfurn.com/#/schema/logo/image/","url":"https://flexfurn.com/wp-content/uploads/2023/08/LogoBlack.svg","contentUrl":"https://flexfurn.com/wp-content/uploads/2023/08/LogoBlack.svg","width":210,"height":60,"caption":"Flexfurn"},"image":{"@id":"https://flexfurn.com/#/schema/logo/image/"}}]}</script>
<!-- / Yoast SEO plugin. -->
