{"id":34549,"date":"2026-04-08T09:19:55","date_gmt":"2026-04-08T07:19:55","guid":{"rendered":"https:\/\/flexfurn.com\/?page_id=34549"},"modified":"2026-04-08T10:25:00","modified_gmt":"2026-04-08T08:25:00","slug":"brochure-de-terrasse-3","status":"publish","type":"page","link":"https:\/\/flexfurn.com\/fr\/brochure-de-terrasse-3\/","title":{"rendered":"Brochure Terrasse"},"content":{"rendered":"<div id=\"fws_69f30483c662d\"  data-column-margin=\"default\" data-midnight=\"dark\"  class=\"wpb_row vc_row-fluid vc_row full-width-content vc_row-o-full-height vc_row-o-columns-middle vc_row-o-equal-height vc_row-flex vc_row-o-content-top\"  style=\"padding-top: 0px; padding-bottom: 0px; \"><div class=\"row-bg-wrap\" data-bg-animation=\"none\" data-bg-animation-delay=\"\" data-bg-overlay=\"false\"><div class=\"inner-wrap row-bg-layer\" ><div class=\"row-bg viewport-desktop using-bg-color\"  style=\"background-color: #777777; \"><\/div><\/div><\/div><div class=\"row_col_wrap_12 col span_12 dark left\">\n\t<div  class=\"vc_col-sm-12 wpb_column column_container vc_column_container col no-extra-padding inherit_tablet inherit_phone\"  data-padding-pos=\"all\" data-has-bg-color=\"false\" data-bg-color=\"\" data-bg-opacity=\"1\" data-animation=\"\" data-delay=\"0\" >\n\t\t<div class=\"vc_column-inner\" >\n\t\t\t<div class=\"wpb_wrapper\">\n\t\t\t\t\n<div class=\"wpb_text_column wpb_content_element\" >\n\t<div class=\"wpb_wrapper\">\n\t\t<div class=\"_df_book df-lite\" id=\"df_35006\"  _slug=\"terrace-brochure-nc\" data-title=\"terrace-brochure-nc\" wpoptions=\"true\" thumbtype=\"\" ><\/div><script class=\"df-shortcode-script\" nowprocket type=\"application\/javascript\">window.option_df_35006 = {\"outline\":[],\"autoEnableOutline\":\"false\",\"autoEnableThumbnail\":\"false\",\"overwritePDFOutline\":\"false\",\"direction\":\"1\",\"pageSize\":\"0\",\"source\":\"https:\\\/\\\/flexfurn.com\\\/wp-content\\\/uploads\\\/2026\\\/04\\\/Terrace-brochure-2026-EN_NC.pdf\",\"wpOptions\":\"true\"}; if(window.DFLIP && window.DFLIP.parseBooks){window.DFLIP.parseBooks();}<\/script>\n\t<\/div>\n<\/div>\n\n\n\n\n\t\t\t<\/div> \n\t\t<\/div>\n\t<\/div> \n<\/div><\/div><!-- \/wp:post-content -->","protected":false},"excerpt":{"rendered":"","protected":false},"author":2,"featured_media":35020,"parent":0,"menu_order":0,"comment_status":"closed","ping_status":"closed","template":"template-no-header-footer.php","meta":{"footnotes":""},"class_list":["post-34549","page","type-page","status-publish","has-post-thumbnail"],"yoast_head":"<!-- This site is optimized with the Yoast SEO plugin v26.6 - https:\/\/yoast.com\/wordpress\/plugins\/seo\/ -->\n<title>Terrace brochure - Flexfurn<\/title>\n<meta name=\"description\" content=\"Your outdoor space, with the comfort of an indoor interior. A well-designed terrace is an extension of your business, a place where guests don\u2019t just come to eat or drink, but where they want to stay.\" \/>\n<meta name=\"robots\" content=\"index, follow, max-snippet:-1, max-image-preview:large, max-video-preview:-1\" \/>\n<link rel=\"canonical\" href=\"https:\/\/flexfurn.com\/fr\/brochure-de-terrasse-3\/\" \/>\n<meta property=\"og:locale\" content=\"fr_FR\" \/>\n<meta property=\"og:type\" content=\"article\" \/>\n<meta property=\"og:title\" content=\"Terrace brochure - Flexfurn\" \/>\n<meta property=\"og:description\" content=\"Your outdoor space, with the comfort of an indoor interior. A well-designed terrace is an extension of your business, a place where guests don\u2019t just come to eat or drink, but where they want to stay.\" \/>\n<meta property=\"og:url\" content=\"https:\/\/flexfurn.com\/fr\/brochure-de-terrasse-3\/\" \/>\n<meta property=\"og:site_name\" content=\"Flexfurn\" \/>\n<meta property=\"article:modified_time\" content=\"2026-04-08T08:25:00+00:00\" \/>\n<meta property=\"og:image\" content=\"https:\/\/flexfurn.com\/wp-content\/uploads\/2026\/04\/Terrassettig-1024x1024.png\" \/>\n\t<meta property=\"og:image:width\" content=\"1024\" \/>\n\t<meta property=\"og:image:height\" content=\"1024\" \/>\n\t<meta property=\"og:image:type\" content=\"image\/png\" \/>\n<meta name=\"twitter:card\" content=\"summary_large_image\" \/>\n<script type=\"application\/ld+json\" class=\"yoast-schema-graph\">{\"@context\":\"https:\/\/schema.org\",\"@graph\":[{\"@type\":\"WebPage\",\"@id\":\"https:\/\/flexfurn.com\/terrace-brochure\/\",\"url\":\"https:\/\/flexfurn.com\/terrace-brochure\/\",\"name\":\"Terrace brochure - Flexfurn\",\"isPartOf\":{\"@id\":\"https:\/\/flexfurn.com\/#website\"},\"primaryImageOfPage\":{\"@id\":\"https:\/\/flexfurn.com\/terrace-brochure\/#primaryimage\"},\"image\":{\"@id\":\"https:\/\/flexfurn.com\/terrace-brochure\/#primaryimage\"},\"thumbnailUrl\":\"https:\/\/flexfurn.com\/wp-content\/uploads\/2026\/04\/Terrassettig.png\",\"datePublished\":\"2026-04-08T07:19:55+00:00\",\"dateModified\":\"2026-04-08T08:25:00+00:00\",\"description\":\"Your outdoor space, with the comfort of an indoor interior. A well-designed terrace is an extension of your business, a place where guests don\u2019t just come to eat or drink, but where they want to stay.\",\"breadcrumb\":{\"@id\":\"https:\/\/flexfurn.com\/terrace-brochure\/#breadcrumb\"},\"inLanguage\":\"fr-BE\",\"potentialAction\":[{\"@type\":\"ReadAction\",\"target\":[\"https:\/\/flexfurn.com\/terrace-brochure\/\"]}]},{\"@type\":\"ImageObject\",\"inLanguage\":\"fr-BE\",\"@id\":\"https:\/\/flexfurn.com\/terrace-brochure\/#primaryimage\",\"url\":\"https:\/\/flexfurn.com\/wp-content\/uploads\/2026\/04\/Terrassettig.png\",\"contentUrl\":\"https:\/\/flexfurn.com\/wp-content\/uploads\/2026\/04\/Terrassettig.png\",\"width\":2400,\"height\":2400,\"caption\":\"Een gezellige terras setting met de Linea dinner collectie van Flexfurn. Tafels met tafelblad diameter van 180 en 80 cm in roest decor waarrond de comfortabele zwarte Wave en groene Strato stapelstoelen geplaatste staan.\"},{\"@type\":\"BreadcrumbList\",\"@id\":\"https:\/\/flexfurn.com\/terrace-brochure\/#breadcrumb\",\"itemListElement\":[{\"@type\":\"ListItem\",\"position\":1,\"name\":\"Home\",\"item\":\"https:\/\/flexfurn.com\/\"},{\"@type\":\"ListItem\",\"position\":2,\"name\":\"Terrace brochure\"}]},{\"@type\":\"WebSite\",\"@id\":\"https:\/\/flexfurn.com\/#website\",\"url\":\"https:\/\/flexfurn.com\/\",\"name\":\"Flexfurn\",\"description\":\"\",\"publisher\":{\"@id\":\"https:\/\/flexfurn.com\/#organization\"},\"potentialAction\":[{\"@type\":\"SearchAction\",\"target\":{\"@type\":\"EntryPoint\",\"urlTemplate\":\"https:\/\/flexfurn.com\/?s={search_term_string}\"},\"query-input\":{\"@type\":\"PropertyValueSpecification\",\"valueRequired\":true,\"valueName\":\"search_term_string\"}}],\"inLanguage\":\"fr-BE\"},{\"@type\":\"Organization\",\"@id\":\"https:\/\/flexfurn.com\/#organization\",\"name\":\"Flexfurn\",\"url\":\"https:\/\/flexfurn.com\/\",\"logo\":{\"@type\":\"ImageObject\",\"inLanguage\":\"fr-BE\",\"@id\":\"https:\/\/flexfurn.com\/#\/schema\/logo\/image\/\",\"url\":\"https:\/\/flexfurn.com\/wp-content\/uploads\/2023\/08\/LogoBlack.svg\",\"contentUrl\":\"https:\/\/flexfurn.com\/wp-content\/uploads\/2023\/08\/LogoBlack.svg\",\"width\":210,\"height\":60,\"caption\":\"Flexfurn\"},\"image\":{\"@id\":\"https:\/\/flexfurn.com\/#\/schema\/logo\/image\/\"}}]}<\/script>\n<!-- \/ Yoast SEO plugin. -->","yoast_head_json":{"title":"Brochure Terrasse - Flexfurn","description":"Votre espace ext\u00e9rieur, avec le confort d&#039;un int\u00e9rieur. Une terrasse bien con\u00e7ue prolonge votre \u00e9tablissement, un lieu o\u00f9 vos clients viennent non seulement manger ou boire, mais aussi s&#039;attarder.","robots":{"index":"index","follow":"follow","max-snippet":"max-snippet:-1","max-image-preview":"max-image-preview:large","max-video-preview":"max-video-preview:-1"},"canonical":"https:\/\/flexfurn.com\/fr\/brochure-de-terrasse-3\/","og_locale":"fr_FR","og_type":"article","og_title":"Terrace brochure - Flexfurn","og_description":"Your outdoor space, with the comfort of an indoor interior. A well-designed terrace is an extension of your business, a place where guests don\u2019t just come to eat or drink, but where they want to stay.","og_url":"https:\/\/flexfurn.com\/fr\/brochure-de-terrasse-3\/","og_site_name":"Flexfurn","article_modified_time":"2026-04-08T08:25:00+00:00","og_image":[{"width":1024,"height":1024,"url":"https:\/\/flexfurn.com\/wp-content\/uploads\/2026\/04\/Terrassettig-1024x1024.png","type":"image\/png"}],"twitter_card":"summary_large_image","schema":{"@context":"https:\/\/schema.org","@graph":[{"@type":"WebPage","@id":"https:\/\/flexfurn.com\/terrace-brochure\/","url":"https:\/\/flexfurn.com\/terrace-brochure\/","name":"Brochure Terrasse - Flexfurn","isPartOf":{"@id":"https:\/\/flexfurn.com\/#website"},"primaryImageOfPage":{"@id":"https:\/\/flexfurn.com\/terrace-brochure\/#primaryimage"},"image":{"@id":"https:\/\/flexfurn.com\/terrace-brochure\/#primaryimage"},"thumbnailUrl":"https:\/\/flexfurn.com\/wp-content\/uploads\/2026\/04\/Terrassettig.png","datePublished":"2026-04-08T07:19:55+00:00","dateModified":"2026-04-08T08:25:00+00:00","description":"Votre espace ext\u00e9rieur, avec le confort d&#039;un int\u00e9rieur. Une terrasse bien con\u00e7ue prolonge votre \u00e9tablissement, un lieu o\u00f9 vos clients viennent non seulement manger ou boire, mais aussi s&#039;attarder.","breadcrumb":{"@id":"https:\/\/flexfurn.com\/terrace-brochure\/#breadcrumb"},"inLanguage":"fr-BE","potentialAction":[{"@type":"ReadAction","target":["https:\/\/flexfurn.com\/terrace-brochure\/"]}]},{"@type":"ImageObject","inLanguage":"fr-BE","@id":"https:\/\/flexfurn.com\/terrace-brochure\/#primaryimage","url":"https:\/\/flexfurn.com\/wp-content\/uploads\/2026\/04\/Terrassettig.png","contentUrl":"https:\/\/flexfurn.com\/wp-content\/uploads\/2026\/04\/Terrassettig.png","width":2400,"height":2400,"caption":"Een gezellige terras setting met de Linea dinner collectie van Flexfurn. Tafels met tafelblad diameter van 180 en 80 cm in roest decor waarrond de comfortabele zwarte Wave en groene Strato stapelstoelen geplaatste staan."},{"@type":"BreadcrumbList","@id":"https:\/\/flexfurn.com\/terrace-brochure\/#breadcrumb","itemListElement":[{"@type":"ListItem","position":1,"name":"Home","item":"https:\/\/flexfurn.com\/"},{"@type":"ListItem","position":2,"name":"Terrace brochure"}]},{"@type":"WebSite","@id":"https:\/\/flexfurn.com\/#website","url":"https:\/\/flexfurn.com\/","name":"Flexfurn","description":"","publisher":{"@id":"https:\/\/flexfurn.com\/#organization"},"potentialAction":[{"@type":"SearchAction","target":{"@type":"EntryPoint","urlTemplate":"https:\/\/flexfurn.com\/?s={search_term_string}"},"query-input":{"@type":"PropertyValueSpecification","valueRequired":true,"valueName":"search_term_string"}}],"inLanguage":"fr-BE"},{"@type":"Organization","@id":"https:\/\/flexfurn.com\/#organization","name":"Flexfurn","url":"https:\/\/flexfurn.com\/","logo":{"@type":"ImageObject","inLanguage":"fr-BE","@id":"https:\/\/flexfurn.com\/#\/schema\/logo\/image\/","url":"https:\/\/flexfurn.com\/wp-content\/uploads\/2023\/08\/LogoBlack.svg","contentUrl":"https:\/\/flexfurn.com\/wp-content\/uploads\/2023\/08\/LogoBlack.svg","width":210,"height":60,"caption":"Flexfurn"},"image":{"@id":"https:\/\/flexfurn.com\/#\/schema\/logo\/image\/"}}]}},"_links":{"self":[{"href":"https:\/\/flexfurn.com\/fr\/wp-json\/wp\/v2\/pages\/34549","targetHints":{"allow":["GET"]}}],"collection":[{"href":"https:\/\/flexfurn.com\/fr\/wp-json\/wp\/v2\/pages"}],"about":[{"href":"https:\/\/flexfurn.com\/fr\/wp-json\/wp\/v2\/types\/page"}],"author":[{"embeddable":true,"href":"https:\/\/flexfurn.com\/fr\/wp-json\/wp\/v2\/users\/2"}],"replies":[{"embeddable":true,"href":"https:\/\/flexfurn.com\/fr\/wp-json\/wp\/v2\/comments?post=34549"}],"version-history":[{"count":3,"href":"https:\/\/flexfurn.com\/fr\/wp-json\/wp\/v2\/pages\/34549\/revisions"}],"predecessor-version":[{"id":35032,"href":"https:\/\/flexfurn.com\/fr\/wp-json\/wp\/v2\/pages\/34549\/revisions\/35032"}],"wp:featuredmedia":[{"embeddable":true,"href":"https:\/\/flexfurn.com\/fr\/wp-json\/wp\/v2\/media\/35020"}],"wp:attachment":[{"href":"https:\/\/flexfurn.com\/fr\/wp-json\/wp\/v2\/media?parent=34549"}],"curies":[{"name":"wp","href":"https:\/\/api.w.org\/{rel}","templated":true}]}}

Votre espace extérieur, avec le confort d&#039;un intérieur. Une terrasse bien conçue prolonge votre établissement, un lieu où vos clients viennent non seulement manger ou boire, mais aussi s&#039;attarder.
