{"id":4889,"date":"2024-03-18T10:31:36","date_gmt":"2024-03-18T09:31:36","guid":{"rendered":"https:\/\/flexfurn.com\/?page_id=4889"},"modified":"2024-03-26T16:04:52","modified_gmt":"2024-03-26T15:04:52","slug":"conditions-de-retour","status":"publish","type":"page","link":"https:\/\/flexfurn.com\/fr\/conditions-de-retour\/","title":{"rendered":"Conditions de retour"},"content":{"rendered":"<p>Conditions de retour<\/p>\n\n\n\n<ol class=\"wp-block-list\">\n<li>Politique de retour<\/li>\n<\/ol>\n\n\n\n<p>1.1 Nous sommes responsables, conform\u00e9ment aux articles 1641 \u00e0 1649 du Code civil n\u00e9erlandais, des vices cach\u00e9s des Produits fournis par nos soins. Le r\u00e9gime des vices cach\u00e9s ne s&#039;applique pas si vous aviez connaissance de ces vices au moment de la conclusion du Contrat. Vous b\u00e9n\u00e9ficiez donc d&#039;un droit \u00e0 la r\u00e9paration si, apr\u00e8s la livraison, vous d\u00e9couvrez un vice cach\u00e9 dans le Produit livr\u00e9, conform\u00e9ment aux dispositions l\u00e9gales.<\/p>\n\n\n\n<p>1.2 La garantie des vices cach\u00e9s ne s&#039;applique pas :<\/p>\n\n\n\n<ul class=\"wp-block-list\">\n<li>les dommages caus\u00e9s par l&#039;usure normale, les modifications accidentelles ou intentionnelles apport\u00e9es par vous aux Produits, y compris une utilisation inappropri\u00e9e et incorrecte et l&#039;exposition \u00e0 l&#039;humidit\u00e9, au feu, aux tremblements de terre et \u00e0 d&#039;autres causes externes\u00a0;<\/li>\n\n\n\n<li>les dommages caus\u00e9s par une installation et une utilisation non conformes aux instructions et informations fournies\u00a0;<\/li>\n\n\n\n<li>les dommages caus\u00e9s apr\u00e8s le retrait des scell\u00e9s sur certaines pi\u00e8ces et apr\u00e8s le retrait ou la rendu illisible du num\u00e9ro de s\u00e9rie et autre num\u00e9rotation des s\u00e9ries de produits.<\/li>\n<\/ul>\n\n\n\n<p>1.3 Une fois que vous ou un tiers d\u00e9sign\u00e9 par vous recevez les produits, vous \u00eates tenu de les examiner attentivement. Si un Produit est affect\u00e9 par un d\u00e9faut, visible ou invisible, et que vous souhaitez le faire r\u00e9parer, remplacer ou rembourser, vous devez nous en informer dans les sept (7) jours suivant la d\u00e9couverte du d\u00e9faut. Vous devez justifier suffisamment votre demande. Si votre demande ne contient pas de preuves suffisantes, votre demande pourra \u00eatre rejet\u00e9e.<\/p>\n\n\n\n<p>1.4 Les Produits concern\u00e9s par un&nbsp;<em>d\u00e9faut visible<\/em>&nbsp;doivent \u00eatre retourn\u00e9s \u00e0 Flexfurn (Essenschotstraat 5A, Zone Industrielle Ravenshout, 3980 Tessenderlo), toujours dans leur \u00e9tat d&#039;origine, y compris leur emballage, accessoires et documentation et toujours accompagn\u00e9s de la facture originale ou d&#039;une preuve de paiement valide. Tout manquement \u00e0 cette obligation sera r\u00e9duit proportionnellement au remboursement.<\/p>\n\n\n\n<p>1.5 Les Produits concern\u00e9s par un&nbsp;<em>vice cach\u00e9<\/em>&nbsp;doivent \u00eatre retourn\u00e9s \u00e0 Flexfurn (Essenschotstraat 5A, Zone Industrielle Ravenshout, 3980 Tessenderlo), dans leur \u00e9tat actuel, y compris leurs accessoires et documentation et toujours accompagn\u00e9s de la facture originale ou d&#039;une preuve de paiement valide. Tout manquement \u00e0 cette obligation sera r\u00e9duit proportionnellement au remboursement.<\/p>\n\n\n\n<p>1.6 Le retour d&#039;un Produit non conforme ou d\u00e9fectueux (vices visibles et cach\u00e9s) se fait toujours \u00e0 vos risques. Les frais de retour sont \u00e0 notre charge, sous r\u00e9serve que le Client remplisse les conditions de garantie. Nous vous fournirons un bon de retour ou organiserons le retrait du Produit d\u00e9fectueux. Le Client qui nous renvoie \u00e0 tort un Produit sera responsable des frais. Dans tous les cas, nous vous recommandons de retourner ces Produits par courrier recommand\u00e9 et avec assurance, pour \u00e9viter les risques de perte et de vol. Ce retour doit \u00eatre effectu\u00e9 au plus tard dans les sept (7) jours calendaires apr\u00e8s communication.<\/p>\n\n\n\n<p>1.7 Si les conditions ci-dessus sont remplies, vous avez d&#039;abord droit \u00e0 une r\u00e9paration ou un remplacement gratuit, selon la situation. Ce n&#039;est que si la r\u00e9paration ou le remplacement est excessif ou impossible ou ne peut \u00eatre effectu\u00e9 dans un d\u00e9lai raisonnable que vous avez droit \u00e0 un remboursement total ou partiel. Vous devrez justifier cela de mani\u00e8re claire et fond\u00e9e. L\u2019indemnisation qui en r\u00e9sulte ne pourra jamais \u00eatre sup\u00e9rieure au montant factur\u00e9 au Client.<\/p>\n\n\n\n<p>1.8 Nous tenons \u00e0 souligner que les retours ne sont accept\u00e9s que si le produit est endommag\u00e9 \u00e0 la r\u00e9ception. Malheureusement, nous ne pouvons pas accepter les retours bas\u00e9s sur des go\u00fbts ou des pr\u00e9f\u00e9rences personnels. Si les Produits ont \u00e9t\u00e9 retourn\u00e9s \u00e0 tort parce que les conditions ci-dessus n&#039;\u00e9taient pas remplies, nous vous les renverrons. Vous serez responsable des frais de ce retour. Dans ce cas, nous sommes libres de stocker les Produits chez des tiers \u00e0 vos frais et risques tant que ces frais de retour n&#039;ont pas \u00e9t\u00e9 pay\u00e9s.<br><\/p>\n\n\n\n<p><em>\u00a9 2019 deJuristen Droit des TIC et propri\u00e9t\u00e9 intellectuelle (<\/em><a href=\"http:\/\/www.ictrecht.be\/\"><em>http:\/\/www.ictrecht.be<\/em><\/a><em>). Les informations fournies (conditions g\u00e9n\u00e9rales, d\u00e9claration de confidentialit\u00e9 et clause de non-responsabilit\u00e9) sont l\u00e9galement prot\u00e9g\u00e9es par le droit d&#039;auteur, de sorte que les informations ne peuvent pas \u00eatre reproduites ou communiqu\u00e9es sans l&#039;autorisation \u00e9crite pr\u00e9alable de deJurists (<\/em><a href=\"mailto:contact@dejuristen.be\"><em>contact@dejuristen.be<\/em><\/a><em>). Tous les droits de propri\u00e9t\u00e9 intellectuelle applicables sont donc conserv\u00e9s.<\/em><\/p>","protected":false},"excerpt":{"rendered":"<p>Conditions de retour 1.1 Nous sommes responsables, conform\u00e9ment aux articles 1641 \u00e0 1649 du Code civil n\u00e9erlandais, des vices cach\u00e9s des Produits livr\u00e9s par nos soins. Le r\u00e9gime des vices cach\u00e9s n&#039;est pas applicable...<\/p>","protected":false},"author":2,"featured_media":0,"parent":0,"menu_order":0,"comment_status":"closed","ping_status":"closed","template":"","meta":{"footnotes":""},"class_list":["post-4889","page","type-page","status-publish"],"yoast_head":"<!-- This site is optimized with the Yoast SEO plugin v26.6 - https:\/\/yoast.com\/wordpress\/plugins\/seo\/ -->\n<title>Retour voorwaarden - Flexfurn<\/title>\n<meta name=\"robots\" content=\"index, follow, max-snippet:-1, max-image-preview:large, max-video-preview:-1\" \/>\n<link rel=\"canonical\" href=\"https:\/\/flexfurn.com\/fr\/conditions-de-retour\/\" \/>\n<meta property=\"og:locale\" content=\"fr_FR\" \/>\n<meta property=\"og:type\" content=\"article\" \/>\n<meta property=\"og:title\" content=\"Retour voorwaarden - Flexfurn\" \/>\n<meta property=\"og:description\" content=\"Retour voorwaarden 1.1 Wij staan in, overeenkomstig artikelen 1641 t.e.m. 1649 BW, voor de verborgen gebreken aan de door ons geleverde Producten. Het stelsel van verborgen gebreken vindt geen toepassing...\" \/>\n<meta property=\"og:url\" content=\"https:\/\/flexfurn.com\/fr\/conditions-de-retour\/\" \/>\n<meta property=\"og:site_name\" content=\"Flexfurn\" \/>\n<meta property=\"article:modified_time\" content=\"2024-03-26T15:04:52+00:00\" \/>\n<meta name=\"twitter:card\" content=\"summary_large_image\" \/>\n<meta name=\"twitter:label1\" content=\"Dur\u00e9e de lecture est.\" \/>\n\t<meta name=\"twitter:data1\" content=\"4 minutes\" \/>\n<script type=\"application\/ld+json\" class=\"yoast-schema-graph\">{\"@context\":\"https:\/\/schema.org\",\"@graph\":[{\"@type\":\"WebPage\",\"@id\":\"https:\/\/flexfurn.com\/retour-voorwaarden\/\",\"url\":\"https:\/\/flexfurn.com\/retour-voorwaarden\/\",\"name\":\"Retour voorwaarden - Flexfurn\",\"isPartOf\":{\"@id\":\"https:\/\/flexfurn.com\/#website\"},\"datePublished\":\"2024-03-18T09:31:36+00:00\",\"dateModified\":\"2024-03-26T15:04:52+00:00\",\"breadcrumb\":{\"@id\":\"https:\/\/flexfurn.com\/retour-voorwaarden\/#breadcrumb\"},\"inLanguage\":\"fr-BE\",\"potentialAction\":[{\"@type\":\"ReadAction\",\"target\":[\"https:\/\/flexfurn.com\/retour-voorwaarden\/\"]}]},{\"@type\":\"BreadcrumbList\",\"@id\":\"https:\/\/flexfurn.com\/retour-voorwaarden\/#breadcrumb\",\"itemListElement\":[{\"@type\":\"ListItem\",\"position\":1,\"name\":\"Home\",\"item\":\"https:\/\/flexfurn.com\/\"},{\"@type\":\"ListItem\",\"position\":2,\"name\":\"Retour voorwaarden\"}]},{\"@type\":\"WebSite\",\"@id\":\"https:\/\/flexfurn.com\/#website\",\"url\":\"https:\/\/flexfurn.com\/\",\"name\":\"Flexfurn\",\"description\":\"\",\"publisher\":{\"@id\":\"https:\/\/flexfurn.com\/#organization\"},\"potentialAction\":[{\"@type\":\"SearchAction\",\"target\":{\"@type\":\"EntryPoint\",\"urlTemplate\":\"https:\/\/flexfurn.com\/?s={search_term_string}\"},\"query-input\":{\"@type\":\"PropertyValueSpecification\",\"valueRequired\":true,\"valueName\":\"search_term_string\"}}],\"inLanguage\":\"fr-BE\"},{\"@type\":\"Organization\",\"@id\":\"https:\/\/flexfurn.com\/#organization\",\"name\":\"Flexfurn\",\"url\":\"https:\/\/flexfurn.com\/\",\"logo\":{\"@type\":\"ImageObject\",\"inLanguage\":\"fr-BE\",\"@id\":\"https:\/\/flexfurn.com\/#\/schema\/logo\/image\/\",\"url\":\"https:\/\/flexfurn.com\/wp-content\/uploads\/2023\/08\/LogoBlack.svg\",\"contentUrl\":\"https:\/\/flexfurn.com\/wp-content\/uploads\/2023\/08\/LogoBlack.svg\",\"width\":210,\"height\":60,\"caption\":\"Flexfurn\"},\"image\":{\"@id\":\"https:\/\/flexfurn.com\/#\/schema\/logo\/image\/\"}}]}<\/script>\n<!-- \/ Yoast SEO plugin. -->","yoast_head_json":{"title":"Conditions de retour - Flexfurn","robots":{"index":"index","follow":"follow","max-snippet":"max-snippet:-1","max-image-preview":"max-image-preview:large","max-video-preview":"max-video-preview:-1"},"canonical":"https:\/\/flexfurn.com\/fr\/conditions-de-retour\/","og_locale":"fr_FR","og_type":"article","og_title":"Retour voorwaarden - Flexfurn","og_description":"Retour voorwaarden 1.1 Wij staan in, overeenkomstig artikelen 1641 t.e.m. 1649 BW, voor de verborgen gebreken aan de door ons geleverde Producten. Het stelsel van verborgen gebreken vindt geen toepassing...","og_url":"https:\/\/flexfurn.com\/fr\/conditions-de-retour\/","og_site_name":"Flexfurn","article_modified_time":"2024-03-26T15:04:52+00:00","twitter_card":"summary_large_image","twitter_misc":{"Dur\u00e9e de lecture est.":"4 minutes"},"schema":{"@context":"https:\/\/schema.org","@graph":[{"@type":"WebPage","@id":"https:\/\/flexfurn.com\/retour-voorwaarden\/","url":"https:\/\/flexfurn.com\/retour-voorwaarden\/","name":"Conditions de retour - Flexfurn","isPartOf":{"@id":"https:\/\/flexfurn.com\/#website"},"datePublished":"2024-03-18T09:31:36+00:00","dateModified":"2024-03-26T15:04:52+00:00","breadcrumb":{"@id":"https:\/\/flexfurn.com\/retour-voorwaarden\/#breadcrumb"},"inLanguage":"fr-BE","potentialAction":[{"@type":"ReadAction","target":["https:\/\/flexfurn.com\/retour-voorwaarden\/"]}]},{"@type":"BreadcrumbList","@id":"https:\/\/flexfurn.com\/retour-voorwaarden\/#breadcrumb","itemListElement":[{"@type":"ListItem","position":1,"name":"Home","item":"https:\/\/flexfurn.com\/"},{"@type":"ListItem","position":2,"name":"Retour voorwaarden"}]},{"@type":"WebSite","@id":"https:\/\/flexfurn.com\/#website","url":"https:\/\/flexfurn.com\/","name":"Flexfurn","description":"","publisher":{"@id":"https:\/\/flexfurn.com\/#organization"},"potentialAction":[{"@type":"SearchAction","target":{"@type":"EntryPoint","urlTemplate":"https:\/\/flexfurn.com\/?s={search_term_string}"},"query-input":{"@type":"PropertyValueSpecification","valueRequired":true,"valueName":"search_term_string"}}],"inLanguage":"fr-BE"},{"@type":"Organization","@id":"https:\/\/flexfurn.com\/#organization","name":"Flexfurn","url":"https:\/\/flexfurn.com\/","logo":{"@type":"ImageObject","inLanguage":"fr-BE","@id":"https:\/\/flexfurn.com\/#\/schema\/logo\/image\/","url":"https:\/\/flexfurn.com\/wp-content\/uploads\/2023\/08\/LogoBlack.svg","contentUrl":"https:\/\/flexfurn.com\/wp-content\/uploads\/2023\/08\/LogoBlack.svg","width":210,"height":60,"caption":"Flexfurn"},"image":{"@id":"https:\/\/flexfurn.com\/#\/schema\/logo\/image\/"}}]}},"_links":{"self":[{"href":"https:\/\/flexfurn.com\/fr\/wp-json\/wp\/v2\/pages\/4889","targetHints":{"allow":["GET"]}}],"collection":[{"href":"https:\/\/flexfurn.com\/fr\/wp-json\/wp\/v2\/pages"}],"about":[{"href":"https:\/\/flexfurn.com\/fr\/wp-json\/wp\/v2\/types\/page"}],"author":[{"embeddable":true,"href":"https:\/\/flexfurn.com\/fr\/wp-json\/wp\/v2\/users\/2"}],"replies":[{"embeddable":true,"href":"https:\/\/flexfurn.com\/fr\/wp-json\/wp\/v2\/comments?post=4889"}],"version-history":[{"count":0,"href":"https:\/\/flexfurn.com\/fr\/wp-json\/wp\/v2\/pages\/4889\/revisions"}],"wp:attachment":[{"href":"https:\/\/flexfurn.com\/fr\/wp-json\/wp\/v2\/media?parent=4889"}],"curies":[{"name":"wp","href":"https:\/\/api.w.org\/{rel}","templated":true}]}}

<p>Conditions de retour</p>



<ol class="wp-block-list">
<li>Politique de retour</li>
</ol>



<p>1.1 Nous sommes responsables, conformément aux articles 1641 à 1649 du Code civil néerlandais, des vices cachés des Produits fournis par nos soins. Le régime des vices cachés ne s&#039;applique pas si vous aviez connaissance de ces vices au moment de la conclusion du Contrat. Vous bénéficiez donc d&#039;un droit à la réparation si, après la livraison, vous découvrez un vice caché dans le Produit livré, conformément aux dispositions légales.</p>



<p>1.2 La garantie des vices cachés ne s&#039;applique pas :</p>



<ul class="wp-block-list">
<li>les dommages causés par l&#039;usure normale, les modifications accidentelles ou intentionnelles apportées par vous aux Produits, y compris une utilisation inappropriée et incorrecte et l&#039;exposition à l&#039;humidité, au feu, aux tremblements de terre et à d&#039;autres causes externes ;</li>



<li>les dommages causés par une installation et une utilisation non conformes aux instructions et informations fournies ;</li>



<li>les dommages causés après le retrait des scellés sur certaines pièces et après le retrait ou la rendu illisible du numéro de série et autre numérotation des séries de produits.</li>
</ul>



<p>1.3 Une fois que vous ou un tiers désigné par vous recevez les produits, vous êtes tenu de les examiner attentivement. Si un Produit est affecté par un défaut, visible ou invisible, et que vous souhaitez le faire réparer, remplacer ou rembourser, vous devez nous en informer dans les sept (7) jours suivant la découverte du défaut. Vous devez justifier suffisamment votre demande. Si votre demande ne contient pas de preuves suffisantes, votre demande pourra être rejetée.</p>



<p>1.4 Les Produits concernés par un&nbsp;<em>défaut visible</em>&nbsp;doivent être retournés à Flexfurn (Essenschotstraat 5A, Zone Industrielle Ravenshout, 3980 Tessenderlo), toujours dans leur état d&#039;origine, y compris leur emballage, accessoires et documentation et toujours accompagnés de la facture originale ou d&#039;une preuve de paiement valide. Tout manquement à cette obligation sera réduit proportionnellement au remboursement.</p>



<p>1.5 Les Produits concernés par un&nbsp;<em>vice caché</em>&nbsp;doivent être retournés à Flexfurn (Essenschotstraat 5A, Zone Industrielle Ravenshout, 3980 Tessenderlo), dans leur état actuel, y compris leurs accessoires et documentation et toujours accompagnés de la facture originale ou d&#039;une preuve de paiement valide. Tout manquement à cette obligation sera réduit proportionnellement au remboursement.</p>



<p>1.6 Le retour d&#039;un Produit non conforme ou défectueux (vices visibles et cachés) se fait toujours à vos risques. Les frais de retour sont à notre charge, sous réserve que le Client remplisse les conditions de garantie. Nous vous fournirons un bon de retour ou organiserons le retrait du Produit défectueux. Le Client qui nous renvoie à tort un Produit sera responsable des frais. Dans tous les cas, nous vous recommandons de retourner ces Produits par courrier recommandé et avec assurance, pour éviter les risques de perte et de vol. Ce retour doit être effectué au plus tard dans les sept (7) jours calendaires après communication.</p>



<p>1.7 Si les conditions ci-dessus sont remplies, vous avez d&#039;abord droit à une réparation ou un remplacement gratuit, selon la situation. Ce n&#039;est que si la réparation ou le remplacement est excessif ou impossible ou ne peut être effectué dans un délai raisonnable que vous avez droit à un remboursement total ou partiel. Vous devrez justifier cela de manière claire et fondée. L’indemnisation qui en résulte ne pourra jamais être supérieure au montant facturé au Client.</p>



<p>1.8 Nous tenons à souligner que les retours ne sont acceptés que si le produit est endommagé à la réception. Malheureusement, nous ne pouvons pas accepter les retours basés sur des goûts ou des préférences personnels. Si les Produits ont été retournés à tort parce que les conditions ci-dessus n&#039;étaient pas remplies, nous vous les renverrons. Vous serez responsable des frais de ce retour. Dans ce cas, nous sommes libres de stocker les Produits chez des tiers à vos frais et risques tant que ces frais de retour n&#039;ont pas été payés.<br></p>



<p><em>© 2019 deJuristen Droit des TIC et propriété intellectuelle (</em><a href="http://www.ictrecht.be/"><em>http://www.ictrecht.be</em></a><em>). Les informations fournies (conditions générales, déclaration de confidentialité et clause de non-responsabilité) sont légalement protégées par le droit d&#039;auteur, de sorte que les informations ne peuvent pas être reproduites ou communiquées sans l&#039;autorisation écrite préalable de deJurists (</em><a href="mailto:contact@dejuristen.be"><em>contact@dejuristen.be</em></a><em>). Tous les droits de propriété intellectuelle applicables sont donc conservés.</em></p>

<p>Conditions de retour 1.1 Nous sommes responsables, conformément aux articles 1641 à 1649 du Code civil néerlandais, des vices cachés des Produits livrés par nos soins. Le régime des vices cachés n&#039;est pas applicable...</p>

<!-- This site is optimized with the Yoast SEO plugin v26.6 - https://yoast.com/wordpress/plugins/seo/ -->
<title>Retour voorwaarden - Flexfurn</title>
<meta name="robots" content="index, follow, max-snippet:-1, max-image-preview:large, max-video-preview:-1" />
<link rel="canonical" href="https://flexfurn.com/fr/conditions-de-retour/" />
<meta property="og:locale" content="fr_FR" />
<meta property="og:type" content="article" />
<meta property="og:title" content="Retour voorwaarden - Flexfurn" />
<meta property="og:description" content="Retour voorwaarden 1.1 Wij staan in, overeenkomstig artikelen 1641 t.e.m. 1649 BW, voor de verborgen gebreken aan de door ons geleverde Producten. Het stelsel van verborgen gebreken vindt geen toepassing..." />
<meta property="og:url" content="https://flexfurn.com/fr/conditions-de-retour/" />
<meta property="og:site_name" content="Flexfurn" />
<meta property="article:modified_time" content="2024-03-26T15:04:52+00:00" />
<meta name="twitter:card" content="summary_large_image" />
<meta name="twitter:label1" content="Durée de lecture est." />
	<meta name="twitter:data1" content="4 minutes" />
<script type="application/ld+json" class="yoast-schema-graph">{"@context":"https://schema.org","@graph":[{"@type":"WebPage","@id":"https://flexfurn.com/retour-voorwaarden/","url":"https://flexfurn.com/retour-voorwaarden/","name":"Retour voorwaarden - Flexfurn","isPartOf":{"@id":"https://flexfurn.com/#website"},"datePublished":"2024-03-18T09:31:36+00:00","dateModified":"2024-03-26T15:04:52+00:00","breadcrumb":{"@id":"https://flexfurn.com/retour-voorwaarden/#breadcrumb"},"inLanguage":"fr-BE","potentialAction":[{"@type":"ReadAction","target":["https://flexfurn.com/retour-voorwaarden/"]}]},{"@type":"BreadcrumbList","@id":"https://flexfurn.com/retour-voorwaarden/#breadcrumb","itemListElement":[{"@type":"ListItem","position":1,"name":"Home","item":"https://flexfurn.com/"},{"@type":"ListItem","position":2,"name":"Retour voorwaarden"}]},{"@type":"WebSite","@id":"https://flexfurn.com/#website","url":"https://flexfurn.com/","name":"Flexfurn","description":"","publisher":{"@id":"https://flexfurn.com/#organization"},"potentialAction":[{"@type":"SearchAction","target":{"@type":"EntryPoint","urlTemplate":"https://flexfurn.com/?s={search_term_string}"},"query-input":{"@type":"PropertyValueSpecification","valueRequired":true,"valueName":"search_term_string"}}],"inLanguage":"fr-BE"},{"@type":"Organization","@id":"https://flexfurn.com/#organization","name":"Flexfurn","url":"https://flexfurn.com/","logo":{"@type":"ImageObject","inLanguage":"fr-BE","@id":"https://flexfurn.com/#/schema/logo/image/","url":"https://flexfurn.com/wp-content/uploads/2023/08/LogoBlack.svg","contentUrl":"https://flexfurn.com/wp-content/uploads/2023/08/LogoBlack.svg","width":210,"height":60,"caption":"Flexfurn"},"image":{"@id":"https://flexfurn.com/#/schema/logo/image/"}}]}</script>
<!-- / Yoast SEO plugin. -->
