{"id":5123,"date":"2024-04-09T15:08:16","date_gmt":"2024-04-09T13:08:16","guid":{"rendered":"https:\/\/flexfurn.com\/?post_type=product&#038;p=5123"},"modified":"2025-03-24T15:23:23","modified_gmt":"2025-03-24T14:23:23","slug":"chaises-en-palmier-brouette","status":"publish","type":"product","link":"https:\/\/flexfurn.com\/fr\/produit\/chaises-en-palmier-brouette\/","title":{"rendered":"Chariot de transport Chaises\/fauteuils Palm"},"content":{"rendered":"<p>Ne vous souciez plus du transport, du rangement et de la protection de vos chaises empilables Palm gr\u00e2ce \u00e0 notre chariot de transport pratique, pour 24 pi\u00e8ces. Ce chariot de transport est sp\u00e9cialement con\u00e7u pour vous faciliter la t\u00e2che ! Le chariot de transport est \u00e9quip\u00e9 de quatre roues vulcanis\u00e9es robustes, dont deux roues pivotantes avec freins et deux roues fixes. De cette fa\u00e7on, vous pouvez man\u0153uvrer sans effort dans diff\u00e9rents espaces.<\/p>","protected":false},"excerpt":{"rendered":"<p>Ch\u00e2ssis en acier<br \/>\nRev\u00eatement en poudre gris martel\u00e9<br \/>\nPermet de stocker 24 chaises empilables<br \/>\nRoues vulcanis\u00e9es diam. 10 cm<br \/>\n2 roues pivotantes avec freins<br \/>\n2 roues fixes<br \/>\n*Remarque\u00a0: prix du chariot de transport mont\u00e9, hors meubles<\/p>","protected":false},"featured_media":5124,"template":"","meta":[],"product_brand":[],"product_cat":[15],"product_tag":[],"class_list":{"0":"post-5123","1":"product","2":"type-product","3":"status-publish","4":"has-post-thumbnail","6":"product_cat-geen-categorie","8":"first","9":"instock","10":"taxable","11":"shipping-taxable","12":"purchasable","13":"product-type-simple"},"yoast_head":"<!-- This site is optimized with the Yoast SEO plugin v26.6 - https:\/\/yoast.com\/wordpress\/plugins\/seo\/ -->\n<title>Transportkar Palm stoelen\/armstoelen - Flexfurn<\/title>\n<meta name=\"robots\" content=\"index, follow, max-snippet:-1, max-image-preview:large, max-video-preview:-1\" \/>\n<link rel=\"canonical\" href=\"https:\/\/flexfurn.com\/fr\/produit\/chaises-en-palmier-brouette\/\" \/>\n<meta property=\"og:locale\" content=\"fr_FR\" \/>\n<meta property=\"og:type\" content=\"article\" \/>\n<meta property=\"og:title\" content=\"Transportkar Palm stoelen\/armstoelen - Flexfurn\" \/>\n<meta property=\"og:description\" content=\"Stalen frame Hamerslag grijs poedercoating Stockeert 24 stapelstoelen Gevulkaniseerde wielen diam. 10cm 2 zwenkwielen met rem 2 bokwielen *Let op: prijs voor gemonteerde transportkar excl. meubelstukken\" \/>\n<meta property=\"og:url\" content=\"https:\/\/flexfurn.com\/fr\/produit\/chaises-en-palmier-brouette\/\" \/>\n<meta property=\"og:site_name\" content=\"Flexfurn\" \/>\n<meta property=\"article:modified_time\" content=\"2025-03-24T14:23:23+00:00\" \/>\n<meta property=\"og:image\" content=\"https:\/\/flexfurn.com\/wp-content\/uploads\/2024\/04\/Trolley-Palm_21x-Chair-1024x1024.jpg\" \/>\n\t<meta property=\"og:image:width\" content=\"1024\" \/>\n\t<meta property=\"og:image:height\" content=\"1024\" \/>\n\t<meta property=\"og:image:type\" content=\"image\/jpeg\" \/>\n<meta name=\"twitter:card\" content=\"summary_large_image\" \/>\n<meta name=\"twitter:label1\" content=\"Dur\u00e9e de lecture est.\" \/>\n\t<meta name=\"twitter:data1\" content=\"1 minute\" \/>\n<script type=\"application\/ld+json\" class=\"yoast-schema-graph\">{\"@context\":\"https:\/\/schema.org\",\"@graph\":[{\"@type\":\"WebPage\",\"@id\":\"https:\/\/flexfurn.com\/product\/transportkar-palm-stoelen\/\",\"url\":\"https:\/\/flexfurn.com\/product\/transportkar-palm-stoelen\/\",\"name\":\"Transportkar Palm stoelen\/armstoelen - Flexfurn\",\"isPartOf\":{\"@id\":\"https:\/\/flexfurn.com\/#website\"},\"primaryImageOfPage\":{\"@id\":\"https:\/\/flexfurn.com\/product\/transportkar-palm-stoelen\/#primaryimage\"},\"image\":{\"@id\":\"https:\/\/flexfurn.com\/product\/transportkar-palm-stoelen\/#primaryimage\"},\"thumbnailUrl\":\"https:\/\/flexfurn.com\/wp-content\/uploads\/2024\/04\/Trolley-Palm_21x-Chair.jpg\",\"datePublished\":\"2024-04-09T13:08:16+00:00\",\"dateModified\":\"2025-03-24T14:23:23+00:00\",\"breadcrumb\":{\"@id\":\"https:\/\/flexfurn.com\/product\/transportkar-palm-stoelen\/#breadcrumb\"},\"inLanguage\":\"fr-BE\",\"potentialAction\":[{\"@type\":\"ReadAction\",\"target\":[\"https:\/\/flexfurn.com\/product\/transportkar-palm-stoelen\/\"]}]},{\"@type\":\"ImageObject\",\"inLanguage\":\"fr-BE\",\"@id\":\"https:\/\/flexfurn.com\/product\/transportkar-palm-stoelen\/#primaryimage\",\"url\":\"https:\/\/flexfurn.com\/wp-content\/uploads\/2024\/04\/Trolley-Palm_21x-Chair.jpg\",\"contentUrl\":\"https:\/\/flexfurn.com\/wp-content\/uploads\/2024\/04\/Trolley-Palm_21x-Chair.jpg\",\"width\":2400,\"height\":2400},{\"@type\":\"BreadcrumbList\",\"@id\":\"https:\/\/flexfurn.com\/product\/transportkar-palm-stoelen\/#breadcrumb\",\"itemListElement\":[{\"@type\":\"ListItem\",\"position\":1,\"name\":\"Home\",\"item\":\"https:\/\/flexfurn.com\/\"},{\"@type\":\"ListItem\",\"position\":2,\"name\":\"Winkel\",\"item\":\"https:\/\/flexfurn.com\/winkel\/\"},{\"@type\":\"ListItem\",\"position\":3,\"name\":\"Transportkar Palm stoelen\/armstoelen\"}]},{\"@type\":\"WebSite\",\"@id\":\"https:\/\/flexfurn.com\/#website\",\"url\":\"https:\/\/flexfurn.com\/\",\"name\":\"Flexfurn\",\"description\":\"\",\"publisher\":{\"@id\":\"https:\/\/flexfurn.com\/#organization\"},\"potentialAction\":[{\"@type\":\"SearchAction\",\"target\":{\"@type\":\"EntryPoint\",\"urlTemplate\":\"https:\/\/flexfurn.com\/?s={search_term_string}\"},\"query-input\":{\"@type\":\"PropertyValueSpecification\",\"valueRequired\":true,\"valueName\":\"search_term_string\"}}],\"inLanguage\":\"fr-BE\"},{\"@type\":\"Organization\",\"@id\":\"https:\/\/flexfurn.com\/#organization\",\"name\":\"Flexfurn\",\"url\":\"https:\/\/flexfurn.com\/\",\"logo\":{\"@type\":\"ImageObject\",\"inLanguage\":\"fr-BE\",\"@id\":\"https:\/\/flexfurn.com\/#\/schema\/logo\/image\/\",\"url\":\"https:\/\/flexfurn.com\/wp-content\/uploads\/2023\/08\/LogoBlack.svg\",\"contentUrl\":\"https:\/\/flexfurn.com\/wp-content\/uploads\/2023\/08\/LogoBlack.svg\",\"width\":210,\"height\":60,\"caption\":\"Flexfurn\"},\"image\":{\"@id\":\"https:\/\/flexfurn.com\/#\/schema\/logo\/image\/\"}}]}<\/script>\n<!-- \/ Yoast SEO plugin. -->","yoast_head_json":{"title":"Chariot de transport Chaises\/fauteuils Palm - Flexfurn","robots":{"index":"index","follow":"follow","max-snippet":"max-snippet:-1","max-image-preview":"max-image-preview:large","max-video-preview":"max-video-preview:-1"},"canonical":"https:\/\/flexfurn.com\/fr\/produit\/chaises-en-palmier-brouette\/","og_locale":"fr_FR","og_type":"article","og_title":"Transportkar Palm stoelen\/armstoelen - Flexfurn","og_description":"Stalen frame Hamerslag grijs poedercoating Stockeert 24 stapelstoelen Gevulkaniseerde wielen diam. 10cm 2 zwenkwielen met rem 2 bokwielen *Let op: prijs voor gemonteerde transportkar excl. meubelstukken","og_url":"https:\/\/flexfurn.com\/fr\/produit\/chaises-en-palmier-brouette\/","og_site_name":"Flexfurn","article_modified_time":"2025-03-24T14:23:23+00:00","og_image":[{"width":1024,"height":1024,"url":"https:\/\/flexfurn.com\/wp-content\/uploads\/2024\/04\/Trolley-Palm_21x-Chair-1024x1024.jpg","type":"image\/jpeg"}],"twitter_card":"summary_large_image","twitter_misc":{"Dur\u00e9e de lecture est.":"1 minute"},"schema":{"@context":"https:\/\/schema.org","@graph":[{"@type":"WebPage","@id":"https:\/\/flexfurn.com\/product\/transportkar-palm-stoelen\/","url":"https:\/\/flexfurn.com\/product\/transportkar-palm-stoelen\/","name":"Chariot de transport Chaises\/fauteuils Palm - Flexfurn","isPartOf":{"@id":"https:\/\/flexfurn.com\/#website"},"primaryImageOfPage":{"@id":"https:\/\/flexfurn.com\/product\/transportkar-palm-stoelen\/#primaryimage"},"image":{"@id":"https:\/\/flexfurn.com\/product\/transportkar-palm-stoelen\/#primaryimage"},"thumbnailUrl":"https:\/\/flexfurn.com\/wp-content\/uploads\/2024\/04\/Trolley-Palm_21x-Chair.jpg","datePublished":"2024-04-09T13:08:16+00:00","dateModified":"2025-03-24T14:23:23+00:00","breadcrumb":{"@id":"https:\/\/flexfurn.com\/product\/transportkar-palm-stoelen\/#breadcrumb"},"inLanguage":"fr-BE","potentialAction":[{"@type":"ReadAction","target":["https:\/\/flexfurn.com\/product\/transportkar-palm-stoelen\/"]}]},{"@type":"ImageObject","inLanguage":"fr-BE","@id":"https:\/\/flexfurn.com\/product\/transportkar-palm-stoelen\/#primaryimage","url":"https:\/\/flexfurn.com\/wp-content\/uploads\/2024\/04\/Trolley-Palm_21x-Chair.jpg","contentUrl":"https:\/\/flexfurn.com\/wp-content\/uploads\/2024\/04\/Trolley-Palm_21x-Chair.jpg","width":2400,"height":2400},{"@type":"BreadcrumbList","@id":"https:\/\/flexfurn.com\/product\/transportkar-palm-stoelen\/#breadcrumb","itemListElement":[{"@type":"ListItem","position":1,"name":"Home","item":"https:\/\/flexfurn.com\/"},{"@type":"ListItem","position":2,"name":"Winkel","item":"https:\/\/flexfurn.com\/winkel\/"},{"@type":"ListItem","position":3,"name":"Transportkar Palm stoelen\/armstoelen"}]},{"@type":"WebSite","@id":"https:\/\/flexfurn.com\/#website","url":"https:\/\/flexfurn.com\/","name":"Flexfurn","description":"","publisher":{"@id":"https:\/\/flexfurn.com\/#organization"},"potentialAction":[{"@type":"SearchAction","target":{"@type":"EntryPoint","urlTemplate":"https:\/\/flexfurn.com\/?s={search_term_string}"},"query-input":{"@type":"PropertyValueSpecification","valueRequired":true,"valueName":"search_term_string"}}],"inLanguage":"fr-BE"},{"@type":"Organization","@id":"https:\/\/flexfurn.com\/#organization","name":"Flexfurn","url":"https:\/\/flexfurn.com\/","logo":{"@type":"ImageObject","inLanguage":"fr-BE","@id":"https:\/\/flexfurn.com\/#\/schema\/logo\/image\/","url":"https:\/\/flexfurn.com\/wp-content\/uploads\/2023\/08\/LogoBlack.svg","contentUrl":"https:\/\/flexfurn.com\/wp-content\/uploads\/2023\/08\/LogoBlack.svg","width":210,"height":60,"caption":"Flexfurn"},"image":{"@id":"https:\/\/flexfurn.com\/#\/schema\/logo\/image\/"}}]}},"_links":{"self":[{"href":"https:\/\/flexfurn.com\/fr\/wp-json\/wp\/v2\/product\/5123","targetHints":{"allow":["GET"]}}],"collection":[{"href":"https:\/\/flexfurn.com\/fr\/wp-json\/wp\/v2\/product"}],"about":[{"href":"https:\/\/flexfurn.com\/fr\/wp-json\/wp\/v2\/types\/product"}],"wp:featuredmedia":[{"embeddable":true,"href":"https:\/\/flexfurn.com\/fr\/wp-json\/wp\/v2\/media\/5124"}],"wp:attachment":[{"href":"https:\/\/flexfurn.com\/fr\/wp-json\/wp\/v2\/media?parent=5123"}],"wp:term":[{"taxonomy":"product_brand","embeddable":true,"href":"https:\/\/flexfurn.com\/fr\/wp-json\/wp\/v2\/product_brand?post=5123"},{"taxonomy":"product_cat","embeddable":true,"href":"https:\/\/flexfurn.com\/fr\/wp-json\/wp\/v2\/product_cat?post=5123"},{"taxonomy":"product_tag","embeddable":true,"href":"https:\/\/flexfurn.com\/fr\/wp-json\/wp\/v2\/product_tag?post=5123"}],"curies":[{"name":"wp","href":"https:\/\/api.w.org\/{rel}","templated":true}]}}

<p>Ne vous souciez plus du transport, du rangement et de la protection de vos chaises empilables Palm grâce à notre chariot de transport pratique, pour 24 pièces. Ce chariot de transport est spécialement conçu pour vous faciliter la tâche ! Le chariot de transport est équipé de quatre roues vulcanisées robustes, dont deux roues pivotantes avec freins et deux roues fixes. De cette façon, vous pouvez manœuvrer sans effort dans différents espaces.</p>

<p>Châssis en acier<br />
Revêtement en poudre gris martelé<br />
Permet de stocker 24 chaises empilables<br />
Roues vulcanisées diam. 10 cm<br />
2 roues pivotantes avec freins<br />
2 roues fixes<br />
*Remarque : prix du chariot de transport monté, hors meubles</p>

<!-- This site is optimized with the Yoast SEO plugin v26.6 - https://yoast.com/wordpress/plugins/seo/ -->
<title>Transportkar Palm stoelen/armstoelen - Flexfurn</title>
<meta name="robots" content="index, follow, max-snippet:-1, max-image-preview:large, max-video-preview:-1" />
<link rel="canonical" href="https://flexfurn.com/fr/produit/chaises-en-palmier-brouette/" />
<meta property="og:locale" content="fr_FR" />
<meta property="og:type" content="article" />
<meta property="og:title" content="Transportkar Palm stoelen/armstoelen - Flexfurn" />
<meta property="og:description" content="Stalen frame Hamerslag grijs poedercoating Stockeert 24 stapelstoelen Gevulkaniseerde wielen diam. 10cm 2 zwenkwielen met rem 2 bokwielen *Let op: prijs voor gemonteerde transportkar excl. meubelstukken" />
<meta property="og:url" content="https://flexfurn.com/fr/produit/chaises-en-palmier-brouette/" />
<meta property="og:site_name" content="Flexfurn" />
<meta property="article:modified_time" content="2025-03-24T14:23:23+00:00" />
<meta property="og:image" content="https://flexfurn.com/wp-content/uploads/2024/04/Trolley-Palm_21x-Chair-1024x1024.jpg" />
	<meta property="og:image:width" content="1024" />
	<meta property="og:image:height" content="1024" />
	<meta property="og:image:type" content="image/jpeg" />
<meta name="twitter:card" content="summary_large_image" />
<meta name="twitter:label1" content="Durée de lecture est." />
	<meta name="twitter:data1" content="1 minute" />
<script type="application/ld+json" class="yoast-schema-graph">{"@context":"https://schema.org","@graph":[{"@type":"WebPage","@id":"https://flexfurn.com/product/transportkar-palm-stoelen/","url":"https://flexfurn.com/product/transportkar-palm-stoelen/","name":"Transportkar Palm stoelen/armstoelen - Flexfurn","isPartOf":{"@id":"https://flexfurn.com/#website"},"primaryImageOfPage":{"@id":"https://flexfurn.com/product/transportkar-palm-stoelen/#primaryimage"},"image":{"@id":"https://flexfurn.com/product/transportkar-palm-stoelen/#primaryimage"},"thumbnailUrl":"https://flexfurn.com/wp-content/uploads/2024/04/Trolley-Palm_21x-Chair.jpg","datePublished":"2024-04-09T13:08:16+00:00","dateModified":"2025-03-24T14:23:23+00:00","breadcrumb":{"@id":"https://flexfurn.com/product/transportkar-palm-stoelen/#breadcrumb"},"inLanguage":"fr-BE","potentialAction":[{"@type":"ReadAction","target":["https://flexfurn.com/product/transportkar-palm-stoelen/"]}]},{"@type":"ImageObject","inLanguage":"fr-BE","@id":"https://flexfurn.com/product/transportkar-palm-stoelen/#primaryimage","url":"https://flexfurn.com/wp-content/uploads/2024/04/Trolley-Palm_21x-Chair.jpg","contentUrl":"https://flexfurn.com/wp-content/uploads/2024/04/Trolley-Palm_21x-Chair.jpg","width":2400,"height":2400},{"@type":"BreadcrumbList","@id":"https://flexfurn.com/product/transportkar-palm-stoelen/#breadcrumb","itemListElement":[{"@type":"ListItem","position":1,"name":"Home","item":"https://flexfurn.com/"},{"@type":"ListItem","position":2,"name":"Winkel","item":"https://flexfurn.com/winkel/"},{"@type":"ListItem","position":3,"name":"Transportkar Palm stoelen/armstoelen"}]},{"@type":"WebSite","@id":"https://flexfurn.com/#website","url":"https://flexfurn.com/","name":"Flexfurn","description":"","publisher":{"@id":"https://flexfurn.com/#organization"},"potentialAction":[{"@type":"SearchAction","target":{"@type":"EntryPoint","urlTemplate":"https://flexfurn.com/?s={search_term_string}"},"query-input":{"@type":"PropertyValueSpecification","valueRequired":true,"valueName":"search_term_string"}}],"inLanguage":"fr-BE"},{"@type":"Organization","@id":"https://flexfurn.com/#organization","name":"Flexfurn","url":"https://flexfurn.com/","logo":{"@type":"ImageObject","inLanguage":"fr-BE","@id":"https://flexfurn.com/#/schema/logo/image/","url":"https://flexfurn.com/wp-content/uploads/2023/08/LogoBlack.svg","contentUrl":"https://flexfurn.com/wp-content/uploads/2023/08/LogoBlack.svg","width":210,"height":60,"caption":"Flexfurn"},"image":{"@id":"https://flexfurn.com/#/schema/logo/image/"}}]}</script>
<!-- / Yoast SEO plugin. -->
